{"id":4345,"date":"2020-08-05T13:56:01","date_gmt":"2020-08-05T13:56:01","guid":{"rendered":"https:\/\/faardit.org.ar\/web\/?post_type=mec-events&#038;p=4345"},"modified":"2020-08-05T13:56:07","modified_gmt":"2020-08-05T13:56:07","slug":"reunion-cientifica-virtual","status":"publish","type":"mec-events","link":"https:\/\/faardit.org.ar\/web\/events\/reunion-cientifica-virtual\/","title":{"rendered":"Reuni\u00f3n Cient\u00edfica Virtual"},"content":{"rendered":"<div class=\"\" data-block=\"true\" data-editor=\"5a2pl\" data-offset-key=\"1vmt2-0-0\">\n<div class=\"_1mf _1mj\" data-offset-key=\"1vmt2-0-0\"><span data-offset-key=\"1vmt2-0-0\">\u00a120\/08 pr\u00f3xima Reuni\u00f3n Cient\u00edfica Virtual! <\/span><\/div>\n<\/div>\n<div class=\"\" data-block=\"true\" data-editor=\"5a2pl\" data-offset-key=\"99pp8-0-0\">\n<div class=\"_1mf _1mj\" data-offset-key=\"99pp8-0-0\"><span data-offset-key=\"99pp8-0-0\">Es una actividad gratuita. <\/span><\/div>\n<\/div>\n<div class=\"\" data-block=\"true\" data-editor=\"5a2pl\" data-offset-key=\"1l5oo-0-0\">\n<div class=\"_1mf _1mj\" data-offset-key=\"1l5oo-0-0\"><span data-offset-key=\"1l5oo-0-0\">Inscripciones <a href=\"https:\/\/faardit.org.ar\/web\/reuniones-cientificas-virtuales-faardit\/\">aqu\u00ed<\/a><\/span><\/div>\n<\/div>\n<div data-offset-key=\"1l5oo-0-0\"><img loading=\"lazy\" class=\"alignnone size-full wp-image-4346\" src=\"https:\/\/faardit.org.ar\/web\/wp-content\/uploads\/2020\/08\/Reuni\u00f3n-20.08.jpg\" alt=\"\" width=\"1440\" height=\"1440\" srcset=\"https:\/\/faardit.org.ar\/web\/wp-content\/uploads\/2020\/08\/Reuni\u00f3n-20.08.jpg 1440w, https:\/\/faardit.org.ar\/web\/wp-content\/uploads\/2020\/08\/Reuni\u00f3n-20.08-300x300.jpg 300w, https:\/\/faardit.org.ar\/web\/wp-content\/uploads\/2020\/08\/Reuni\u00f3n-20.08-1024x1024.jpg 1024w, https:\/\/faardit.org.ar\/web\/wp-content\/uploads\/2020\/08\/Reuni\u00f3n-20.08-150x150.jpg 150w, https:\/\/faardit.org.ar\/web\/wp-content\/uploads\/2020\/08\/Reuni\u00f3n-20.08-768x768.jpg 768w\" sizes=\"(max-width: 1440px) 100vw, 1440px\" \/><\/div>\n","protected":false},"excerpt":{"rendered":"<p>\u00a120\/08 pr\u00f3xima Reuni\u00f3n Cient\u00edfica Virtual! Es una actividad gratuita. Inscripciones aqu\u00ed<\/p>\n","protected":false},"author":2,"featured_media":0,"comment_status":"closed","ping_status":"closed","template":"","tags":[],"mec_category":[124],"_links":{"self":[{"href":"https:\/\/faardit.org.ar\/web\/wp-json\/wp\/v2\/mec-events\/4345"}],"collection":[{"href":"https:\/\/faardit.org.ar\/web\/wp-json\/wp\/v2\/mec-events"}],"about":[{"href":"https:\/\/faardit.org.ar\/web\/wp-json\/wp\/v2\/types\/mec-events"}],"author":[{"embeddable":true,"href":"https:\/\/faardit.org.ar\/web\/wp-json\/wp\/v2\/users\/2"}],"replies":[{"embeddable":true,"href":"https:\/\/faardit.org.ar\/web\/wp-json\/wp\/v2\/comments?post=4345"}],"wp:attachment":[{"href":"https:\/\/faardit.org.ar\/web\/wp-json\/wp\/v2\/media?parent=4345"}],"wp:term":[{"taxonomy":"post_tag","embeddable":true,"href":"https:\/\/faardit.org.ar\/web\/wp-json\/wp\/v2\/tags?post=4345"},{"taxonomy":"mec_category","embeddable":true,"href":"https:\/\/faardit.org.ar\/web\/wp-json\/wp\/v2\/mec_category?post=4345"}],"curies":[{"name":"wp","href":"https:\/\/api.w.org\/{rel}","templated":true}]}}

Reunión Científica Virtual

<div class="" data-block="true" data-editor="5a2pl" data-offset-key="1vmt2-0-0">
<div class="_1mf _1mj" data-offset-key="1vmt2-0-0"><span data-offset-key="1vmt2-0-0">¡20/08 próxima Reunión Científica Virtual! </span></div>
</div>
<div class="" data-block="true" data-editor="5a2pl" data-offset-key="99pp8-0-0">
<div class="_1mf _1mj" data-offset-key="99pp8-0-0"><span data-offset-key="99pp8-0-0">Es una actividad gratuita. </span></div>
</div>
<div class="" data-block="true" data-editor="5a2pl" data-offset-key="1l5oo-0-0">
<div class="_1mf _1mj" data-offset-key="1l5oo-0-0"><span data-offset-key="1l5oo-0-0">Inscripciones <a href="https://faardit.org.ar/web/reuniones-cientificas-virtuales-faardit/">aquí</a></span></div>
</div>
<div data-offset-key="1l5oo-0-0"><img loading="lazy" class="alignnone size-full wp-image-4346" src="https://faardit.org.ar/web/wp-content/uploads/2020/08/Reunión-20.08.jpg" alt="" width="1440" height="1440" srcset="https://faardit.org.ar/web/wp-content/uploads/2020/08/Reunión-20.08.jpg 1440w, https://faardit.org.ar/web/wp-content/uploads/2020/08/Reunión-20.08-300x300.jpg 300w, https://faardit.org.ar/web/wp-content/uploads/2020/08/Reunión-20.08-1024x1024.jpg 1024w, https://faardit.org.ar/web/wp-content/uploads/2020/08/Reunión-20.08-150x150.jpg 150w, https://faardit.org.ar/web/wp-content/uploads/2020/08/Reunión-20.08-768x768.jpg 768w" sizes="(max-width: 1440px) 100vw, 1440px" /></div>

<p>¡20/08 próxima Reunión Científica Virtual! Es una actividad gratuita. Inscripciones aquí</p>
