{"id":4347,"date":"2020-08-07T15:30:22","date_gmt":"2020-08-07T15:30:22","guid":{"rendered":"https:\/\/faardit.org.ar\/web\/?post_type=mec-events&#038;p=4347"},"modified":"2020-08-07T15:30:29","modified_gmt":"2020-08-07T15:30:29","slug":"reunion-virtual-abdomen-agudo-asociacion-bahia-blanca","status":"publish","type":"mec-events","link":"https:\/\/faardit.org.ar\/web\/events\/reunion-virtual-abdomen-agudo-asociacion-bahia-blanca\/","title":{"rendered":"Reuni\u00f3n Virtual &#8211; Abdomen Agudo &#8211; Asociaci\u00f3n Bah\u00eda Blanca"},"content":{"rendered":"<p>Acceso directo a trav\u00e9s del enlace<\/p>\n<p><img loading=\"lazy\" class=\"alignnone size-full wp-image-4348\" src=\"https:\/\/faardit.org.ar\/web\/wp-content\/uploads\/2020\/08\/Reuni\u00f3n-virtual-abdomen-agudo-parte-II.png\" alt=\"\" width=\"1056\" height=\"816\" srcset=\"https:\/\/faardit.org.ar\/web\/wp-content\/uploads\/2020\/08\/Reuni\u00f3n-virtual-abdomen-agudo-parte-II.png 1056w, https:\/\/faardit.org.ar\/web\/wp-content\/uploads\/2020\/08\/Reuni\u00f3n-virtual-abdomen-agudo-parte-II-300x232.png 300w, https:\/\/faardit.org.ar\/web\/wp-content\/uploads\/2020\/08\/Reuni\u00f3n-virtual-abdomen-agudo-parte-II-1024x791.png 1024w, https:\/\/faardit.org.ar\/web\/wp-content\/uploads\/2020\/08\/Reuni\u00f3n-virtual-abdomen-agudo-parte-II-768x593.png 768w\" sizes=\"(max-width: 1056px) 100vw, 1056px\" \/><\/p>\n","protected":false},"excerpt":{"rendered":"<p>Acceso directo a trav\u00e9s del enlace<\/p>\n","protected":false},"author":2,"featured_media":0,"comment_status":"closed","ping_status":"closed","template":"","tags":[],"mec_category":[124],"_links":{"self":[{"href":"https:\/\/faardit.org.ar\/web\/wp-json\/wp\/v2\/mec-events\/4347"}],"collection":[{"href":"https:\/\/faardit.org.ar\/web\/wp-json\/wp\/v2\/mec-events"}],"about":[{"href":"https:\/\/faardit.org.ar\/web\/wp-json\/wp\/v2\/types\/mec-events"}],"author":[{"embeddable":true,"href":"https:\/\/faardit.org.ar\/web\/wp-json\/wp\/v2\/users\/2"}],"replies":[{"embeddable":true,"href":"https:\/\/faardit.org.ar\/web\/wp-json\/wp\/v2\/comments?post=4347"}],"wp:attachment":[{"href":"https:\/\/faardit.org.ar\/web\/wp-json\/wp\/v2\/media?parent=4347"}],"wp:term":[{"taxonomy":"post_tag","embeddable":true,"href":"https:\/\/faardit.org.ar\/web\/wp-json\/wp\/v2\/tags?post=4347"},{"taxonomy":"mec_category","embeddable":true,"href":"https:\/\/faardit.org.ar\/web\/wp-json\/wp\/v2\/mec_category?post=4347"}],"curies":[{"name":"wp","href":"https:\/\/api.w.org\/{rel}","templated":true}]}}

Reunión Virtual &#8211; Abdomen Agudo &#8211; Asociación Bahía Blanca

<p>Acceso directo a través del enlace</p>
<p><img loading="lazy" class="alignnone size-full wp-image-4348" src="https://faardit.org.ar/web/wp-content/uploads/2020/08/Reunión-virtual-abdomen-agudo-parte-II.png" alt="" width="1056" height="816" srcset="https://faardit.org.ar/web/wp-content/uploads/2020/08/Reunión-virtual-abdomen-agudo-parte-II.png 1056w, https://faardit.org.ar/web/wp-content/uploads/2020/08/Reunión-virtual-abdomen-agudo-parte-II-300x232.png 300w, https://faardit.org.ar/web/wp-content/uploads/2020/08/Reunión-virtual-abdomen-agudo-parte-II-1024x791.png 1024w, https://faardit.org.ar/web/wp-content/uploads/2020/08/Reunión-virtual-abdomen-agudo-parte-II-768x593.png 768w" sizes="(max-width: 1056px) 100vw, 1056px" /></p>

<p>Acceso directo a través del enlace</p>
