{"id":6490,"date":"2023-10-16T09:14:20","date_gmt":"2023-10-16T09:14:20","guid":{"rendered":"https:\/\/faardit.org.ar\/web\/?post_type=mec-events&#038;p=6490"},"modified":"2023-10-16T09:27:58","modified_gmt":"2023-10-16T09:27:58","slug":"reunion-mundial-de-radiologia-veracruz","status":"publish","type":"mec-events","link":"https:\/\/faardit.org.ar\/web\/events\/reunion-mundial-de-radiologia-veracruz\/","title":{"rendered":"Reuni\u00f3n Mundial de Radiolog\u00eda &#8211; Veracruz"},"content":{"rendered":"<p>Encuentra toda la informaci\u00f3n <a href=\"http:\/\/www.svri.org.mx\/\">AQU\u00cd<\/a><\/p>\n<p>&nbsp;<\/p>\n","protected":false},"excerpt":{"rendered":"<p>Encuentra toda la informaci\u00f3n AQU\u00cd &nbsp;<\/p>\n","protected":false},"author":2,"featured_media":0,"comment_status":"closed","ping_status":"closed","template":"","tags":[],"mec_category":[125],"_links":{"self":[{"href":"https:\/\/faardit.org.ar\/web\/wp-json\/wp\/v2\/mec-events\/6490"}],"collection":[{"href":"https:\/\/faardit.org.ar\/web\/wp-json\/wp\/v2\/mec-events"}],"about":[{"href":"https:\/\/faardit.org.ar\/web\/wp-json\/wp\/v2\/types\/mec-events"}],"author":[{"embeddable":true,"href":"https:\/\/faardit.org.ar\/web\/wp-json\/wp\/v2\/users\/2"}],"replies":[{"embeddable":true,"href":"https:\/\/faardit.org.ar\/web\/wp-json\/wp\/v2\/comments?post=6490"}],"wp:attachment":[{"href":"https:\/\/faardit.org.ar\/web\/wp-json\/wp\/v2\/media?parent=6490"}],"wp:term":[{"taxonomy":"post_tag","embeddable":true,"href":"https:\/\/faardit.org.ar\/web\/wp-json\/wp\/v2\/tags?post=6490"},{"taxonomy":"mec_category","embeddable":true,"href":"https:\/\/faardit.org.ar\/web\/wp-json\/wp\/v2\/mec_category?post=6490"}],"curies":[{"name":"wp","href":"https:\/\/api.w.org\/{rel}","templated":true}]}}

Reunión Mundial de Radiología &#8211; Veracruz

<p>Encuentra toda la información <a href="http://www.svri.org.mx/">AQUÍ</a></p>
<p>&nbsp;</p>

<p>Encuentra toda la información AQUÍ &nbsp;</p>
