{"id":6541,"date":"2023-11-01T16:43:27","date_gmt":"2023-11-01T16:43:27","guid":{"rendered":"https:\/\/faardit.org.ar\/web\/?post_type=mec-events&#038;p=6541"},"modified":"2023-11-01T16:43:50","modified_gmt":"2023-11-01T16:43:50","slug":"i-jornada-norpatagonica-la-innovacion-en-la-produccion-de-bioimagenes","status":"publish","type":"mec-events","link":"https:\/\/faardit.org.ar\/web\/events\/i-jornada-norpatagonica-la-innovacion-en-la-produccion-de-bioimagenes\/","title":{"rendered":"I Jornada norpatag\u00f3nica: \u00abLa innovaci\u00f3n en la producci\u00f3n de bioim\u00e1genes\u00bb"},"content":{"rendered":"<p>Extendemos una cordial invitaci\u00f3n para participar de la I Jornada norpatag\u00f3nica: \u00abLa innovaci\u00f3n en la producci\u00f3n de bioim\u00e1genes\u00bb, organizada por Leben Salud, Fundaci\u00f3n M\u00e9dica de R\u00edo Negro y Neuqu\u00e9n, y UFLO.<\/p>\n<p>El evento est\u00e1 dirigido a t\u00e9cnicos, licenciados, m\u00e9dicos residentes y especialistas de las \u00e1reas del diagn\u00f3stico por im\u00e1genes y de las ciencias forenses.<\/p>\n<p>Se realizar\u00e1 el s\u00e1bado 4 de noviembre de las 8 a 16hs en el Museo Nacional de Bellas Artes de la ciudad de Neuqu\u00e9n, y contar\u00e1 con un m\u00f3dulo espec\u00edfico de Imagenologia Forense y sus aplicaciones.<\/p>\n<p>Adem\u00e1s de la opci\u00f3n presencial, quienes deseen podr\u00e1n participar de la jornada de manera virtual a trav\u00e9s de su transmisi\u00f3n por streaming.<\/p>\n<p>Para mayor informaci\u00f3n:\u00a0<a href=\"https:\/\/www.eventbrite.com.ar\/e\/i-jornada-norpatagonica-de-bioimagenes-tickets-736466971537?aff=oddtdtcreator\" target=\"_blank\" rel=\"noopener noreferrer\" data-saferedirecturl=\"https:\/\/www.google.com\/url?q=https:\/\/www.eventbrite.com.ar\/e\/i-jornada-norpatagonica-de-bioimagenes-tickets-736466971537?aff%3Doddtdtcreator&amp;source=gmail&amp;ust=1698937266081000&amp;usg=AOvVaw1GY37yc7MKTixADunJeEpb\">https:\/\/www.eventbrite.com.ar\/<wbr \/>e\/i-jornada-norpatagonica-de-<wbr \/>bioimagenes-tickets-<wbr \/>736466971537?aff=oddtdtcreator<\/a><\/p>\n<p>&nbsp;<\/p>\n<p><img loading=\"lazy\" class=\"alignnone size-full wp-image-6542\" src=\"https:\/\/faardit.org.ar\/web\/wp-content\/uploads\/2023\/11\/Evento-SOMIT.jpeg\" alt=\"\" width=\"1142\" height=\"1600\" srcset=\"https:\/\/faardit.org.ar\/web\/wp-content\/uploads\/2023\/11\/Evento-SOMIT.jpeg 1142w, https:\/\/faardit.org.ar\/web\/wp-content\/uploads\/2023\/11\/Evento-SOMIT-214x300.jpeg 214w, https:\/\/faardit.org.ar\/web\/wp-content\/uploads\/2023\/11\/Evento-SOMIT-731x1024.jpeg 731w, https:\/\/faardit.org.ar\/web\/wp-content\/uploads\/2023\/11\/Evento-SOMIT-768x1076.jpeg 768w, https:\/\/faardit.org.ar\/web\/wp-content\/uploads\/2023\/11\/Evento-SOMIT-1096x1536.jpeg 1096w\" sizes=\"(max-width: 1142px) 100vw, 1142px\" \/><\/p>\n","protected":false},"excerpt":{"rendered":"<p>Extendemos una cordial invitaci\u00f3n para participar de la I Jornada norpatag\u00f3nica: \u00abLa innovaci\u00f3n en la producci\u00f3n de bioim\u00e1genes\u00bb, organizada por Leben Salud, Fundaci\u00f3n M\u00e9dica de R\u00edo Negro y Neuqu\u00e9n, y UFLO. El evento est\u00e1 dirigido a t\u00e9cnicos, licenciados, m\u00e9dicos residentes y especialistas de las \u00e1reas&#8230;<\/p>\n","protected":false},"author":2,"featured_media":0,"comment_status":"closed","ping_status":"closed","template":"","tags":[],"mec_category":[124],"_links":{"self":[{"href":"https:\/\/faardit.org.ar\/web\/wp-json\/wp\/v2\/mec-events\/6541"}],"collection":[{"href":"https:\/\/faardit.org.ar\/web\/wp-json\/wp\/v2\/mec-events"}],"about":[{"href":"https:\/\/faardit.org.ar\/web\/wp-json\/wp\/v2\/types\/mec-events"}],"author":[{"embeddable":true,"href":"https:\/\/faardit.org.ar\/web\/wp-json\/wp\/v2\/users\/2"}],"replies":[{"embeddable":true,"href":"https:\/\/faardit.org.ar\/web\/wp-json\/wp\/v2\/comments?post=6541"}],"wp:attachment":[{"href":"https:\/\/faardit.org.ar\/web\/wp-json\/wp\/v2\/media?parent=6541"}],"wp:term":[{"taxonomy":"post_tag","embeddable":true,"href":"https:\/\/faardit.org.ar\/web\/wp-json\/wp\/v2\/tags?post=6541"},{"taxonomy":"mec_category","embeddable":true,"href":"https:\/\/faardit.org.ar\/web\/wp-json\/wp\/v2\/mec_category?post=6541"}],"curies":[{"name":"wp","href":"https:\/\/api.w.org\/{rel}","templated":true}]}}

I Jornada norpatagónica: «La innovación en la producción de bioimágenes»

<p>Extendemos una cordial invitación para participar de la I Jornada norpatagónica: «La innovación en la producción de bioimágenes», organizada por Leben Salud, Fundación Médica de Río Negro y Neuquén, y UFLO.</p>
<p>El evento está dirigido a técnicos, licenciados, médicos residentes y especialistas de las áreas del diagnóstico por imágenes y de las ciencias forenses.</p>
<p>Se realizará el sábado 4 de noviembre de las 8 a 16hs en el Museo Nacional de Bellas Artes de la ciudad de Neuquén, y contará con un módulo específico de Imagenologia Forense y sus aplicaciones.</p>
<p>Además de la opción presencial, quienes deseen podrán participar de la jornada de manera virtual a través de su transmisión por streaming.</p>
<p>Para mayor información: <a href="https://www.eventbrite.com.ar/e/i-jornada-norpatagonica-de-bioimagenes-tickets-736466971537?aff=oddtdtcreator" target="_blank" rel="noopener noreferrer" data-saferedirecturl="https://www.google.com/url?q=https://www.eventbrite.com.ar/e/i-jornada-norpatagonica-de-bioimagenes-tickets-736466971537?aff%3Doddtdtcreator&amp;source=gmail&amp;ust=1698937266081000&amp;usg=AOvVaw1GY37yc7MKTixADunJeEpb">https://www.eventbrite.com.ar/<wbr />e/i-jornada-norpatagonica-de-<wbr />bioimagenes-tickets-<wbr />736466971537?aff=oddtdtcreator</a></p>
<p>&nbsp;</p>
<p><img loading="lazy" class="alignnone size-full wp-image-6542" src="https://faardit.org.ar/web/wp-content/uploads/2023/11/Evento-SOMIT.jpeg" alt="" width="1142" height="1600" srcset="https://faardit.org.ar/web/wp-content/uploads/2023/11/Evento-SOMIT.jpeg 1142w, https://faardit.org.ar/web/wp-content/uploads/2023/11/Evento-SOMIT-214x300.jpeg 214w, https://faardit.org.ar/web/wp-content/uploads/2023/11/Evento-SOMIT-731x1024.jpeg 731w, https://faardit.org.ar/web/wp-content/uploads/2023/11/Evento-SOMIT-768x1076.jpeg 768w, https://faardit.org.ar/web/wp-content/uploads/2023/11/Evento-SOMIT-1096x1536.jpeg 1096w" sizes="(max-width: 1142px) 100vw, 1142px" /></p>

<p>Extendemos una cordial invitación para participar de la I Jornada norpatagónica: «La innovación en la producción de bioimágenes», organizada por Leben Salud, Fundación Médica de Río Negro y Neuquén, y UFLO. El evento está dirigido a técnicos, licenciados, médicos residentes y especialistas de las áreas&#8230;</p>
