{"id":6617,"date":"2023-12-13T13:40:07","date_gmt":"2023-12-13T13:40:07","guid":{"rendered":"https:\/\/faardit.org.ar\/web\/?post_type=mec-events&#038;p=6617"},"modified":"2023-12-13T13:40:14","modified_gmt":"2023-12-13T13:40:14","slug":"seminario-internacional-presencial-de-radiologia-peru","status":"publish","type":"mec-events","link":"https:\/\/faardit.org.ar\/web\/events\/seminario-internacional-presencial-de-radiologia-peru\/","title":{"rendered":"Seminario Internacional Presencial de Radiolog\u00eda &#8211; Per\u00fa"},"content":{"rendered":"<p>Encuentra m\u00e1s informaci\u00f3n e inscripci\u00f3n <a href=\"https:\/\/forms.gle\/CgcvM4aCa4SJvYCh7\">AQU\u00cd<\/a><\/p>\n<p><img loading=\"lazy\" class=\"alignnone size-full wp-image-6618\" src=\"https:\/\/faardit.org.ar\/web\/wp-content\/uploads\/2023\/12\/Seminario-Peru.png\" alt=\"\" width=\"1414\" height=\"2000\" srcset=\"https:\/\/faardit.org.ar\/web\/wp-content\/uploads\/2023\/12\/Seminario-Peru.png 1414w, https:\/\/faardit.org.ar\/web\/wp-content\/uploads\/2023\/12\/Seminario-Peru-212x300.png 212w, https:\/\/faardit.org.ar\/web\/wp-content\/uploads\/2023\/12\/Seminario-Peru-724x1024.png 724w, https:\/\/faardit.org.ar\/web\/wp-content\/uploads\/2023\/12\/Seminario-Peru-768x1086.png 768w, https:\/\/faardit.org.ar\/web\/wp-content\/uploads\/2023\/12\/Seminario-Peru-1086x1536.png 1086w\" sizes=\"(max-width: 1414px) 100vw, 1414px\" \/><\/p>\n","protected":false},"excerpt":{"rendered":"<p>Encuentra m\u00e1s informaci\u00f3n e inscripci\u00f3n AQU\u00cd<\/p>\n","protected":false},"author":2,"featured_media":0,"comment_status":"closed","ping_status":"closed","template":"","tags":[],"mec_category":[125],"_links":{"self":[{"href":"https:\/\/faardit.org.ar\/web\/wp-json\/wp\/v2\/mec-events\/6617"}],"collection":[{"href":"https:\/\/faardit.org.ar\/web\/wp-json\/wp\/v2\/mec-events"}],"about":[{"href":"https:\/\/faardit.org.ar\/web\/wp-json\/wp\/v2\/types\/mec-events"}],"author":[{"embeddable":true,"href":"https:\/\/faardit.org.ar\/web\/wp-json\/wp\/v2\/users\/2"}],"replies":[{"embeddable":true,"href":"https:\/\/faardit.org.ar\/web\/wp-json\/wp\/v2\/comments?post=6617"}],"wp:attachment":[{"href":"https:\/\/faardit.org.ar\/web\/wp-json\/wp\/v2\/media?parent=6617"}],"wp:term":[{"taxonomy":"post_tag","embeddable":true,"href":"https:\/\/faardit.org.ar\/web\/wp-json\/wp\/v2\/tags?post=6617"},{"taxonomy":"mec_category","embeddable":true,"href":"https:\/\/faardit.org.ar\/web\/wp-json\/wp\/v2\/mec_category?post=6617"}],"curies":[{"name":"wp","href":"https:\/\/api.w.org\/{rel}","templated":true}]}}

Seminario Internacional Presencial de Radiología &#8211; Perú

<p>Encuentra más información e inscripción <a href="https://forms.gle/CgcvM4aCa4SJvYCh7">AQUÍ</a></p>
<p><img loading="lazy" class="alignnone size-full wp-image-6618" src="https://faardit.org.ar/web/wp-content/uploads/2023/12/Seminario-Peru.png" alt="" width="1414" height="2000" srcset="https://faardit.org.ar/web/wp-content/uploads/2023/12/Seminario-Peru.png 1414w, https://faardit.org.ar/web/wp-content/uploads/2023/12/Seminario-Peru-212x300.png 212w, https://faardit.org.ar/web/wp-content/uploads/2023/12/Seminario-Peru-724x1024.png 724w, https://faardit.org.ar/web/wp-content/uploads/2023/12/Seminario-Peru-768x1086.png 768w, https://faardit.org.ar/web/wp-content/uploads/2023/12/Seminario-Peru-1086x1536.png 1086w" sizes="(max-width: 1414px) 100vw, 1414px" /></p>

<p>Encuentra más información e inscripción AQUÍ</p>
