{"id":6619,"date":"2023-12-13T13:44:37","date_gmt":"2023-12-13T13:44:37","guid":{"rendered":"https:\/\/faardit.org.ar\/web\/?post_type=mec-events&#038;p=6619"},"modified":"2023-12-13T13:44:44","modified_gmt":"2023-12-13T13:44:44","slug":"congreso-chileno-de-radiologia","status":"publish","type":"mec-events","link":"https:\/\/faardit.org.ar\/web\/events\/congreso-chileno-de-radiologia\/","title":{"rendered":"Congreso Chileno de Radiolog\u00eda"},"content":{"rendered":"<p>Encuentra m\u00e1s informaci\u00f3n <a href=\"https:\/\/welcu.com\/sochradi\/cchr2024\">AQU\u00cd<\/a><\/p>\n<p><img loading=\"lazy\" class=\"alignnone size-full wp-image-6620\" src=\"https:\/\/faardit.org.ar\/web\/wp-content\/uploads\/2023\/12\/Congreso-Chileno.jpeg\" alt=\"\" width=\"935\" height=\"1559\" srcset=\"https:\/\/faardit.org.ar\/web\/wp-content\/uploads\/2023\/12\/Congreso-Chileno.jpeg 935w, https:\/\/faardit.org.ar\/web\/wp-content\/uploads\/2023\/12\/Congreso-Chileno-180x300.jpeg 180w, https:\/\/faardit.org.ar\/web\/wp-content\/uploads\/2023\/12\/Congreso-Chileno-614x1024.jpeg 614w, https:\/\/faardit.org.ar\/web\/wp-content\/uploads\/2023\/12\/Congreso-Chileno-768x1281.jpeg 768w, https:\/\/faardit.org.ar\/web\/wp-content\/uploads\/2023\/12\/Congreso-Chileno-921x1536.jpeg 921w\" sizes=\"(max-width: 935px) 100vw, 935px\" \/><\/p>\n","protected":false},"excerpt":{"rendered":"<p>Encuentra m\u00e1s informaci\u00f3n AQU\u00cd<\/p>\n","protected":false},"author":2,"featured_media":0,"comment_status":"closed","ping_status":"closed","template":"","tags":[],"mec_category":[125],"_links":{"self":[{"href":"https:\/\/faardit.org.ar\/web\/wp-json\/wp\/v2\/mec-events\/6619"}],"collection":[{"href":"https:\/\/faardit.org.ar\/web\/wp-json\/wp\/v2\/mec-events"}],"about":[{"href":"https:\/\/faardit.org.ar\/web\/wp-json\/wp\/v2\/types\/mec-events"}],"author":[{"embeddable":true,"href":"https:\/\/faardit.org.ar\/web\/wp-json\/wp\/v2\/users\/2"}],"replies":[{"embeddable":true,"href":"https:\/\/faardit.org.ar\/web\/wp-json\/wp\/v2\/comments?post=6619"}],"wp:attachment":[{"href":"https:\/\/faardit.org.ar\/web\/wp-json\/wp\/v2\/media?parent=6619"}],"wp:term":[{"taxonomy":"post_tag","embeddable":true,"href":"https:\/\/faardit.org.ar\/web\/wp-json\/wp\/v2\/tags?post=6619"},{"taxonomy":"mec_category","embeddable":true,"href":"https:\/\/faardit.org.ar\/web\/wp-json\/wp\/v2\/mec_category?post=6619"}],"curies":[{"name":"wp","href":"https:\/\/api.w.org\/{rel}","templated":true}]}}

Congreso Chileno de Radiología

<p>Encuentra más información <a href="https://welcu.com/sochradi/cchr2024">AQUÍ</a></p>
<p><img loading="lazy" class="alignnone size-full wp-image-6620" src="https://faardit.org.ar/web/wp-content/uploads/2023/12/Congreso-Chileno.jpeg" alt="" width="935" height="1559" srcset="https://faardit.org.ar/web/wp-content/uploads/2023/12/Congreso-Chileno.jpeg 935w, https://faardit.org.ar/web/wp-content/uploads/2023/12/Congreso-Chileno-180x300.jpeg 180w, https://faardit.org.ar/web/wp-content/uploads/2023/12/Congreso-Chileno-614x1024.jpeg 614w, https://faardit.org.ar/web/wp-content/uploads/2023/12/Congreso-Chileno-768x1281.jpeg 768w, https://faardit.org.ar/web/wp-content/uploads/2023/12/Congreso-Chileno-921x1536.jpeg 921w" sizes="(max-width: 935px) 100vw, 935px" /></p>

<p>Encuentra más información AQUÍ</p>
