{"id":6876,"date":"2024-03-08T17:21:40","date_gmt":"2024-03-08T17:21:40","guid":{"rendered":"https:\/\/faardit.org.ar\/web\/?post_type=mec-events&#038;p=6876"},"modified":"2024-03-08T17:21:47","modified_gmt":"2024-03-08T17:21:47","slug":"jornadas-de-mastologia-sociedad-de-patologia-mamaria","status":"publish","type":"mec-events","link":"https:\/\/faardit.org.ar\/web\/events\/jornadas-de-mastologia-sociedad-de-patologia-mamaria\/","title":{"rendered":"Jornadas de Mastolog\u00eda &#8211; Sociedad de Patolog\u00eda Mamaria"},"content":{"rendered":"<p>Encuentra toda la informaci\u00f3n del evento <a href=\"https:\/\/spmcba.com.ar\/\">AQU\u00cd<\/a><\/p>\n<p><img loading=\"lazy\" class=\"alignnone size-full wp-image-6877\" src=\"https:\/\/faardit.org.ar\/web\/wp-content\/uploads\/2024\/03\/MASTOLOGIA-1080x1080px.jpg\" alt=\"\" width=\"1081\" height=\"1081\" srcset=\"https:\/\/faardit.org.ar\/web\/wp-content\/uploads\/2024\/03\/MASTOLOGIA-1080x1080px.jpg 1081w, https:\/\/faardit.org.ar\/web\/wp-content\/uploads\/2024\/03\/MASTOLOGIA-1080x1080px-300x300.jpg 300w, https:\/\/faardit.org.ar\/web\/wp-content\/uploads\/2024\/03\/MASTOLOGIA-1080x1080px-1024x1024.jpg 1024w, https:\/\/faardit.org.ar\/web\/wp-content\/uploads\/2024\/03\/MASTOLOGIA-1080x1080px-150x150.jpg 150w, https:\/\/faardit.org.ar\/web\/wp-content\/uploads\/2024\/03\/MASTOLOGIA-1080x1080px-768x768.jpg 768w\" sizes=\"(max-width: 1081px) 100vw, 1081px\" \/><\/p>\n","protected":false},"excerpt":{"rendered":"<p>Encuentra toda la informaci\u00f3n del evento AQU\u00cd<\/p>\n","protected":false},"author":2,"featured_media":0,"comment_status":"closed","ping_status":"closed","template":"","tags":[],"mec_category":[124],"_links":{"self":[{"href":"https:\/\/faardit.org.ar\/web\/wp-json\/wp\/v2\/mec-events\/6876"}],"collection":[{"href":"https:\/\/faardit.org.ar\/web\/wp-json\/wp\/v2\/mec-events"}],"about":[{"href":"https:\/\/faardit.org.ar\/web\/wp-json\/wp\/v2\/types\/mec-events"}],"author":[{"embeddable":true,"href":"https:\/\/faardit.org.ar\/web\/wp-json\/wp\/v2\/users\/2"}],"replies":[{"embeddable":true,"href":"https:\/\/faardit.org.ar\/web\/wp-json\/wp\/v2\/comments?post=6876"}],"wp:attachment":[{"href":"https:\/\/faardit.org.ar\/web\/wp-json\/wp\/v2\/media?parent=6876"}],"wp:term":[{"taxonomy":"post_tag","embeddable":true,"href":"https:\/\/faardit.org.ar\/web\/wp-json\/wp\/v2\/tags?post=6876"},{"taxonomy":"mec_category","embeddable":true,"href":"https:\/\/faardit.org.ar\/web\/wp-json\/wp\/v2\/mec_category?post=6876"}],"curies":[{"name":"wp","href":"https:\/\/api.w.org\/{rel}","templated":true}]}}

Jornadas de Mastología &#8211; Sociedad de Patología Mamaria

<p>Encuentra toda la información del evento <a href="https://spmcba.com.ar/">AQUÍ</a></p>
<p><img loading="lazy" class="alignnone size-full wp-image-6877" src="https://faardit.org.ar/web/wp-content/uploads/2024/03/MASTOLOGIA-1080x1080px.jpg" alt="" width="1081" height="1081" srcset="https://faardit.org.ar/web/wp-content/uploads/2024/03/MASTOLOGIA-1080x1080px.jpg 1081w, https://faardit.org.ar/web/wp-content/uploads/2024/03/MASTOLOGIA-1080x1080px-300x300.jpg 300w, https://faardit.org.ar/web/wp-content/uploads/2024/03/MASTOLOGIA-1080x1080px-1024x1024.jpg 1024w, https://faardit.org.ar/web/wp-content/uploads/2024/03/MASTOLOGIA-1080x1080px-150x150.jpg 150w, https://faardit.org.ar/web/wp-content/uploads/2024/03/MASTOLOGIA-1080x1080px-768x768.jpg 768w" sizes="(max-width: 1081px) 100vw, 1081px" /></p>

<p>Encuentra toda la información del evento AQUÍ</p>
