{"id":6878,"date":"2024-03-12T13:45:31","date_gmt":"2024-03-12T13:45:31","guid":{"rendered":"https:\/\/faardit.org.ar\/web\/?post_type=mec-events&#038;p=6878"},"modified":"2024-03-13T17:27:16","modified_gmt":"2024-03-13T17:27:16","slug":"jornadas-regionales-nortenas-de-diagnostico-por-imagenes","status":"publish","type":"mec-events","link":"https:\/\/faardit.org.ar\/web\/events\/jornadas-regionales-nortenas-de-diagnostico-por-imagenes\/","title":{"rendered":"Jornadas Regionales Norte\u00f1as de Diagn\u00f3stico por Im\u00e1genes"},"content":{"rendered":"<p><a href=\"https:\/\/forms.gle\/bBRSHPmDCQ8swKFq8\">INSCRIPCI\u00d3N<\/a><\/p>\n<p><img loading=\"lazy\" class=\"alignnone size-full wp-image-6879\" src=\"https:\/\/faardit.org.ar\/web\/wp-content\/uploads\/2024\/03\/Flyer-Jujuy.jpg\" alt=\"\" width=\"1080\" height=\"1080\" srcset=\"https:\/\/faardit.org.ar\/web\/wp-content\/uploads\/2024\/03\/Flyer-Jujuy.jpg 1080w, https:\/\/faardit.org.ar\/web\/wp-content\/uploads\/2024\/03\/Flyer-Jujuy-300x300.jpg 300w, https:\/\/faardit.org.ar\/web\/wp-content\/uploads\/2024\/03\/Flyer-Jujuy-1024x1024.jpg 1024w, https:\/\/faardit.org.ar\/web\/wp-content\/uploads\/2024\/03\/Flyer-Jujuy-150x150.jpg 150w, https:\/\/faardit.org.ar\/web\/wp-content\/uploads\/2024\/03\/Flyer-Jujuy-768x768.jpg 768w\" sizes=\"(max-width: 1080px) 100vw, 1080px\" \/><\/p>\n<p>PROGRAMA<\/p>\n<p>&nbsp;<\/p>\n<p><strong>VIERNES 12 DE ABRIL: <\/strong>Ves\u00edcula y v\u00eda biliar.<\/p>\n<ul>\n<li><strong>15 \u2013 17 HS: <\/strong><\/li>\n<li>Patolog\u00eda vesicular y biliar aguda: evaluaci\u00f3n imagenol\u00f3gica.<\/li>\n<li>Patolog\u00eda benigna no liti\u00e1sica de la v\u00eda biliar.<\/li>\n<\/ul>\n<p>&nbsp;<\/p>\n<ul>\n<li><strong>17 \u2013 17:30 HS: COFFEE BREAK.<\/strong><\/li>\n<\/ul>\n<p><strong>\u00a0<\/strong><\/p>\n<ul>\n<li><strong>1730 \u2013 19:30 HS<\/strong><\/li>\n<li>Carcinoma de ves\u00edcula y colangiocarcinoma : evaluaci\u00f3n imagenol\u00f3gica.<\/li>\n<li>Traumatismo hepatoespl\u00e9nico: evaluaci\u00f3n imagenol\u00f3gica.<\/li>\n<\/ul>\n<p><strong>\u00a0<\/strong><\/p>\n<p><strong>SABADO 13 DE ABRIL: <\/strong>H\u00edgado.<\/p>\n<ul>\n<li><strong>09:00 \u2013 10:30<\/strong><\/li>\n<li>Hidatidosis hep\u00e1tica.<\/li>\n<li>Tumores hep\u00e1ticos benignos.<\/li>\n<\/ul>\n<p><strong>\u00a0<\/strong><\/p>\n<ul>\n<li><strong>10:30 \u2013 11:00 HS: COFFEE BREAK.<\/strong><\/li>\n<\/ul>\n<p><strong>\u00a0<\/strong><\/p>\n<ul>\n<li><strong>11 \u2013 12:30 hs:<\/strong><\/li>\n<li>Tumores hep\u00e1ticos malignos.<\/li>\n<li>LIRADS: workshop interactivo.<\/li>\n<\/ul>\n","protected":false},"excerpt":{"rendered":"<p>INSCRIPCI\u00d3N PROGRAMA &nbsp; VIERNES 12 DE ABRIL: Ves\u00edcula y v\u00eda biliar. 15 \u2013 17 HS: Patolog\u00eda vesicular y biliar aguda: evaluaci\u00f3n imagenol\u00f3gica. Patolog\u00eda benigna no liti\u00e1sica de la v\u00eda biliar. &nbsp; 17 \u2013 17:30 HS: COFFEE BREAK. \u00a0 1730 \u2013 19:30 HS Carcinoma de ves\u00edcula&#8230;<\/p>\n","protected":false},"author":2,"featured_media":0,"comment_status":"closed","ping_status":"closed","template":"","tags":[],"mec_category":[124],"_links":{"self":[{"href":"https:\/\/faardit.org.ar\/web\/wp-json\/wp\/v2\/mec-events\/6878"}],"collection":[{"href":"https:\/\/faardit.org.ar\/web\/wp-json\/wp\/v2\/mec-events"}],"about":[{"href":"https:\/\/faardit.org.ar\/web\/wp-json\/wp\/v2\/types\/mec-events"}],"author":[{"embeddable":true,"href":"https:\/\/faardit.org.ar\/web\/wp-json\/wp\/v2\/users\/2"}],"replies":[{"embeddable":true,"href":"https:\/\/faardit.org.ar\/web\/wp-json\/wp\/v2\/comments?post=6878"}],"wp:attachment":[{"href":"https:\/\/faardit.org.ar\/web\/wp-json\/wp\/v2\/media?parent=6878"}],"wp:term":[{"taxonomy":"post_tag","embeddable":true,"href":"https:\/\/faardit.org.ar\/web\/wp-json\/wp\/v2\/tags?post=6878"},{"taxonomy":"mec_category","embeddable":true,"href":"https:\/\/faardit.org.ar\/web\/wp-json\/wp\/v2\/mec_category?post=6878"}],"curies":[{"name":"wp","href":"https:\/\/api.w.org\/{rel}","templated":true}]}}

Jornadas Regionales Norteñas de Diagnóstico por Imágenes

<p><a href="https://forms.gle/bBRSHPmDCQ8swKFq8">INSCRIPCIÓN</a></p>
<p><img loading="lazy" class="alignnone size-full wp-image-6879" src="https://faardit.org.ar/web/wp-content/uploads/2024/03/Flyer-Jujuy.jpg" alt="" width="1080" height="1080" srcset="https://faardit.org.ar/web/wp-content/uploads/2024/03/Flyer-Jujuy.jpg 1080w, https://faardit.org.ar/web/wp-content/uploads/2024/03/Flyer-Jujuy-300x300.jpg 300w, https://faardit.org.ar/web/wp-content/uploads/2024/03/Flyer-Jujuy-1024x1024.jpg 1024w, https://faardit.org.ar/web/wp-content/uploads/2024/03/Flyer-Jujuy-150x150.jpg 150w, https://faardit.org.ar/web/wp-content/uploads/2024/03/Flyer-Jujuy-768x768.jpg 768w" sizes="(max-width: 1080px) 100vw, 1080px" /></p>
<p>PROGRAMA</p>
<p>&nbsp;</p>
<p><strong>VIERNES 12 DE ABRIL: </strong>Vesícula y vía biliar.</p>
<ul>
<li><strong>15 – 17 HS: </strong></li>
<li>Patología vesicular y biliar aguda: evaluación imagenológica.</li>
<li>Patología benigna no litiásica de la vía biliar.</li>
</ul>
<p>&nbsp;</p>
<ul>
<li><strong>17 – 17:30 HS: COFFEE BREAK.</strong></li>
</ul>
<p><strong> </strong></p>
<ul>
<li><strong>1730 – 19:30 HS</strong></li>
<li>Carcinoma de vesícula y colangiocarcinoma : evaluación imagenológica.</li>
<li>Traumatismo hepatoesplénico: evaluación imagenológica.</li>
</ul>
<p><strong> </strong></p>
<p><strong>SABADO 13 DE ABRIL: </strong>Hígado.</p>
<ul>
<li><strong>09:00 – 10:30</strong></li>
<li>Hidatidosis hepática.</li>
<li>Tumores hepáticos benignos.</li>
</ul>
<p><strong> </strong></p>
<ul>
<li><strong>10:30 – 11:00 HS: COFFEE BREAK.</strong></li>
</ul>
<p><strong> </strong></p>
<ul>
<li><strong>11 – 12:30 hs:</strong></li>
<li>Tumores hepáticos malignos.</li>
<li>LIRADS: workshop interactivo.</li>
</ul>

<p>INSCRIPCIÓN PROGRAMA &nbsp; VIERNES 12 DE ABRIL: Vesícula y vía biliar. 15 – 17 HS: Patología vesicular y biliar aguda: evaluación imagenológica. Patología benigna no litiásica de la vía biliar. &nbsp; 17 – 17:30 HS: COFFEE BREAK.   1730 – 19:30 HS Carcinoma de vesícula&#8230;</p>
