{"id":6895,"date":"2024-03-19T13:29:15","date_gmt":"2024-03-19T13:29:15","guid":{"rendered":"https:\/\/faardit.org.ar\/web\/?post_type=mec-events&#038;p=6895"},"modified":"2024-03-19T13:39:15","modified_gmt":"2024-03-19T13:39:15","slug":"xxvi-curso-ver-imagenes-2024-veracruz","status":"publish","type":"mec-events","link":"https:\/\/faardit.org.ar\/web\/events\/xxvi-curso-ver-imagenes-2024-veracruz\/","title":{"rendered":"XXVI CURSO VER-IMAGENES 2024 &#8211; Veracruz"},"content":{"rendered":"<p>Para m\u00e1s infirmaci\u00f3n y acceso a inscripci\u00f3n gratuita <a href=\"https:\/\/faardit.org.ar\/web\/wp-content\/uploads\/2024\/03\/FORMATO-DE-REGISTRO-BECAS-EXTRANJEROS.doc\">CLICK AQU\u00cd<\/a><\/p>\n<p><img loading=\"lazy\" class=\"alignnone size-full wp-image-6896\" src=\"https:\/\/faardit.org.ar\/web\/wp-content\/uploads\/2024\/03\/BANER-BECAS-FAARDIT.jpg\" alt=\"\" width=\"477\" height=\"215\" srcset=\"https:\/\/faardit.org.ar\/web\/wp-content\/uploads\/2024\/03\/BANER-BECAS-FAARDIT.jpg 477w, https:\/\/faardit.org.ar\/web\/wp-content\/uploads\/2024\/03\/BANER-BECAS-FAARDIT-300x135.jpg 300w\" sizes=\"(max-width: 477px) 100vw, 477px\" \/><\/p>\n","protected":false},"excerpt":{"rendered":"<p>Para m\u00e1s infirmaci\u00f3n y acceso a inscripci\u00f3n gratuita CLICK AQU\u00cd<\/p>\n","protected":false},"author":2,"featured_media":0,"comment_status":"closed","ping_status":"closed","template":"","tags":[],"mec_category":[125],"_links":{"self":[{"href":"https:\/\/faardit.org.ar\/web\/wp-json\/wp\/v2\/mec-events\/6895"}],"collection":[{"href":"https:\/\/faardit.org.ar\/web\/wp-json\/wp\/v2\/mec-events"}],"about":[{"href":"https:\/\/faardit.org.ar\/web\/wp-json\/wp\/v2\/types\/mec-events"}],"author":[{"embeddable":true,"href":"https:\/\/faardit.org.ar\/web\/wp-json\/wp\/v2\/users\/2"}],"replies":[{"embeddable":true,"href":"https:\/\/faardit.org.ar\/web\/wp-json\/wp\/v2\/comments?post=6895"}],"wp:attachment":[{"href":"https:\/\/faardit.org.ar\/web\/wp-json\/wp\/v2\/media?parent=6895"}],"wp:term":[{"taxonomy":"post_tag","embeddable":true,"href":"https:\/\/faardit.org.ar\/web\/wp-json\/wp\/v2\/tags?post=6895"},{"taxonomy":"mec_category","embeddable":true,"href":"https:\/\/faardit.org.ar\/web\/wp-json\/wp\/v2\/mec_category?post=6895"}],"curies":[{"name":"wp","href":"https:\/\/api.w.org\/{rel}","templated":true}]}}

<p>Para más infirmación y acceso a inscripción gratuita <a href="https://faardit.org.ar/web/wp-content/uploads/2024/03/FORMATO-DE-REGISTRO-BECAS-EXTRANJEROS.doc">CLICK AQUÍ</a></p>
<p><img loading="lazy" class="alignnone size-full wp-image-6896" src="https://faardit.org.ar/web/wp-content/uploads/2024/03/BANER-BECAS-FAARDIT.jpg" alt="" width="477" height="215" srcset="https://faardit.org.ar/web/wp-content/uploads/2024/03/BANER-BECAS-FAARDIT.jpg 477w, https://faardit.org.ar/web/wp-content/uploads/2024/03/BANER-BECAS-FAARDIT-300x135.jpg 300w" sizes="(max-width: 477px) 100vw, 477px" /></p>

<p>Para más infirmación y acceso a inscripción gratuita CLICK AQUÍ</p>
