{"id":6908,"date":"2024-03-25T17:51:40","date_gmt":"2024-03-25T17:51:40","guid":{"rendered":"https:\/\/faardit.org.ar\/web\/?post_type=mec-events&#038;p=6908"},"modified":"2024-03-25T17:53:29","modified_gmt":"2024-03-25T17:53:29","slug":"congreso-internacional-de-cordoba","status":"publish","type":"mec-events","link":"https:\/\/faardit.org.ar\/web\/events\/congreso-internacional-de-cordoba\/","title":{"rendered":"Congreso Internacional de C\u00f3rdoba"},"content":{"rendered":"<p>Para m\u00e1s informaci\u00f3n, ingrese <a href=\"https:\/\/congreso.sordic.org.ar\/\">AQU\u00cd<\/a><\/p>\n<p><img loading=\"lazy\" class=\"alignnone size-full wp-image-6909\" src=\"https:\/\/faardit.org.ar\/web\/wp-content\/uploads\/2024\/03\/Congreso-Cordoba-1.jpeg\" alt=\"\" width=\"1091\" height=\"1353\" srcset=\"https:\/\/faardit.org.ar\/web\/wp-content\/uploads\/2024\/03\/Congreso-Cordoba-1.jpeg 1091w, https:\/\/faardit.org.ar\/web\/wp-content\/uploads\/2024\/03\/Congreso-Cordoba-1-242x300.jpeg 242w, https:\/\/faardit.org.ar\/web\/wp-content\/uploads\/2024\/03\/Congreso-Cordoba-1-826x1024.jpeg 826w, https:\/\/faardit.org.ar\/web\/wp-content\/uploads\/2024\/03\/Congreso-Cordoba-1-768x952.jpeg 768w\" sizes=\"(max-width: 1091px) 100vw, 1091px\" \/><\/p>\n","protected":false},"excerpt":{"rendered":"<p>Para m\u00e1s informaci\u00f3n, ingrese AQU\u00cd<\/p>\n","protected":false},"author":2,"featured_media":0,"comment_status":"closed","ping_status":"closed","template":"","tags":[],"mec_category":[124],"_links":{"self":[{"href":"https:\/\/faardit.org.ar\/web\/wp-json\/wp\/v2\/mec-events\/6908"}],"collection":[{"href":"https:\/\/faardit.org.ar\/web\/wp-json\/wp\/v2\/mec-events"}],"about":[{"href":"https:\/\/faardit.org.ar\/web\/wp-json\/wp\/v2\/types\/mec-events"}],"author":[{"embeddable":true,"href":"https:\/\/faardit.org.ar\/web\/wp-json\/wp\/v2\/users\/2"}],"replies":[{"embeddable":true,"href":"https:\/\/faardit.org.ar\/web\/wp-json\/wp\/v2\/comments?post=6908"}],"wp:attachment":[{"href":"https:\/\/faardit.org.ar\/web\/wp-json\/wp\/v2\/media?parent=6908"}],"wp:term":[{"taxonomy":"post_tag","embeddable":true,"href":"https:\/\/faardit.org.ar\/web\/wp-json\/wp\/v2\/tags?post=6908"},{"taxonomy":"mec_category","embeddable":true,"href":"https:\/\/faardit.org.ar\/web\/wp-json\/wp\/v2\/mec_category?post=6908"}],"curies":[{"name":"wp","href":"https:\/\/api.w.org\/{rel}","templated":true}]}}

Congreso Internacional de Córdoba

<p>Para más información, ingrese <a href="https://congreso.sordic.org.ar/">AQUÍ</a></p>
<p><img loading="lazy" class="alignnone size-full wp-image-6909" src="https://faardit.org.ar/web/wp-content/uploads/2024/03/Congreso-Cordoba-1.jpeg" alt="" width="1091" height="1353" srcset="https://faardit.org.ar/web/wp-content/uploads/2024/03/Congreso-Cordoba-1.jpeg 1091w, https://faardit.org.ar/web/wp-content/uploads/2024/03/Congreso-Cordoba-1-242x300.jpeg 242w, https://faardit.org.ar/web/wp-content/uploads/2024/03/Congreso-Cordoba-1-826x1024.jpeg 826w, https://faardit.org.ar/web/wp-content/uploads/2024/03/Congreso-Cordoba-1-768x952.jpeg 768w" sizes="(max-width: 1091px) 100vw, 1091px" /></p>

<p>Para más información, ingrese AQUÍ</p>
