{"id":7099,"date":"2024-06-21T14:38:47","date_gmt":"2024-06-21T14:38:47","guid":{"rendered":"https:\/\/faardit.org.ar\/web\/?post_type=mec-events&#038;p=7099"},"modified":"2024-06-21T14:39:52","modified_gmt":"2024-06-21T14:39:52","slug":"6-curso-de-imagen-mamaria-asociacion-colombiana-de-radiologia","status":"publish","type":"mec-events","link":"https:\/\/faardit.org.ar\/web\/events\/6-curso-de-imagen-mamaria-asociacion-colombiana-de-radiologia\/","title":{"rendered":"6\u00b0 Curso de Imagen Mamaria &#8211; Asociaci\u00f3n Colombiana de Radiolog\u00eda"},"content":{"rendered":"<p>Para m\u00e1s informaci\u00f3n del evento, ingrese <a href=\"https:\/\/www.acrvirtual.org\/6cursoimagenmamaria\">AQU\u00cd<\/a><\/p>\n<p><img loading=\"lazy\" class=\"alignnone size-full wp-image-7100\" src=\"https:\/\/faardit.org.ar\/web\/wp-content\/uploads\/2024\/06\/Pieza-imagen-mamaria-1.png\" alt=\"\" width=\"1080\" height=\"1350\" srcset=\"https:\/\/faardit.org.ar\/web\/wp-content\/uploads\/2024\/06\/Pieza-imagen-mamaria-1.png 1080w, https:\/\/faardit.org.ar\/web\/wp-content\/uploads\/2024\/06\/Pieza-imagen-mamaria-1-240x300.png 240w, https:\/\/faardit.org.ar\/web\/wp-content\/uploads\/2024\/06\/Pieza-imagen-mamaria-1-819x1024.png 819w, https:\/\/faardit.org.ar\/web\/wp-content\/uploads\/2024\/06\/Pieza-imagen-mamaria-1-768x960.png 768w\" sizes=\"(max-width: 1080px) 100vw, 1080px\" \/><\/p>\n","protected":false},"excerpt":{"rendered":"<p>Para m\u00e1s informaci\u00f3n del evento, ingrese AQU\u00cd<\/p>\n","protected":false},"author":2,"featured_media":0,"comment_status":"closed","ping_status":"closed","template":"","tags":[],"mec_category":[125],"_links":{"self":[{"href":"https:\/\/faardit.org.ar\/web\/wp-json\/wp\/v2\/mec-events\/7099"}],"collection":[{"href":"https:\/\/faardit.org.ar\/web\/wp-json\/wp\/v2\/mec-events"}],"about":[{"href":"https:\/\/faardit.org.ar\/web\/wp-json\/wp\/v2\/types\/mec-events"}],"author":[{"embeddable":true,"href":"https:\/\/faardit.org.ar\/web\/wp-json\/wp\/v2\/users\/2"}],"replies":[{"embeddable":true,"href":"https:\/\/faardit.org.ar\/web\/wp-json\/wp\/v2\/comments?post=7099"}],"wp:attachment":[{"href":"https:\/\/faardit.org.ar\/web\/wp-json\/wp\/v2\/media?parent=7099"}],"wp:term":[{"taxonomy":"post_tag","embeddable":true,"href":"https:\/\/faardit.org.ar\/web\/wp-json\/wp\/v2\/tags?post=7099"},{"taxonomy":"mec_category","embeddable":true,"href":"https:\/\/faardit.org.ar\/web\/wp-json\/wp\/v2\/mec_category?post=7099"}],"curies":[{"name":"wp","href":"https:\/\/api.w.org\/{rel}","templated":true}]}}

6° Curso de Imagen Mamaria &#8211; Asociación Colombiana de Radiología

<p>Para más información del evento, ingrese <a href="https://www.acrvirtual.org/6cursoimagenmamaria">AQUÍ</a></p>
<p><img loading="lazy" class="alignnone size-full wp-image-7100" src="https://faardit.org.ar/web/wp-content/uploads/2024/06/Pieza-imagen-mamaria-1.png" alt="" width="1080" height="1350" srcset="https://faardit.org.ar/web/wp-content/uploads/2024/06/Pieza-imagen-mamaria-1.png 1080w, https://faardit.org.ar/web/wp-content/uploads/2024/06/Pieza-imagen-mamaria-1-240x300.png 240w, https://faardit.org.ar/web/wp-content/uploads/2024/06/Pieza-imagen-mamaria-1-819x1024.png 819w, https://faardit.org.ar/web/wp-content/uploads/2024/06/Pieza-imagen-mamaria-1-768x960.png 768w" sizes="(max-width: 1080px) 100vw, 1080px" /></p>

<p>Para más información del evento, ingrese AQUÍ</p>
