{"id":7101,"date":"2024-06-24T15:23:41","date_gmt":"2024-06-24T15:23:41","guid":{"rendered":"https:\/\/faardit.org.ar\/web\/?post_type=mec-events&#038;p=7101"},"modified":"2024-06-24T15:23:48","modified_gmt":"2024-06-24T15:23:48","slug":"club-bibliografico-radiographics-faardit","status":"publish","type":"mec-events","link":"https:\/\/faardit.org.ar\/web\/events\/club-bibliografico-radiographics-faardit\/","title":{"rendered":"Club Bibliogr\u00e1fico RadioGraphics \u2013 FAARDIT"},"content":{"rendered":"<p>\u00a1Nuevo encuentro de Club Bibliogr\u00e1fico RadioGraphics \u2013 Federaci\u00f3n Argentina de Radiolog\u00eda!<br \/>\nInscribite desde <a href=\"https:\/\/forms.gle\/FDDPnA9DYoutbs8e9\">AQU\u00cd<\/a><\/p>\n<p><img loading=\"lazy\" class=\"alignnone size-full wp-image-7102\" src=\"https:\/\/faardit.org.ar\/web\/wp-content\/uploads\/2024\/06\/RadioGraphics.jpeg\" alt=\"\" width=\"1600\" height=\"900\" srcset=\"https:\/\/faardit.org.ar\/web\/wp-content\/uploads\/2024\/06\/RadioGraphics.jpeg 1600w, https:\/\/faardit.org.ar\/web\/wp-content\/uploads\/2024\/06\/RadioGraphics-300x169.jpeg 300w, https:\/\/faardit.org.ar\/web\/wp-content\/uploads\/2024\/06\/RadioGraphics-1024x576.jpeg 1024w, https:\/\/faardit.org.ar\/web\/wp-content\/uploads\/2024\/06\/RadioGraphics-768x432.jpeg 768w, https:\/\/faardit.org.ar\/web\/wp-content\/uploads\/2024\/06\/RadioGraphics-1536x864.jpeg 1536w\" sizes=\"(max-width: 1600px) 100vw, 1600px\" \/><\/p>\n","protected":false},"excerpt":{"rendered":"<p>\u00a1Nuevo encuentro de Club Bibliogr\u00e1fico RadioGraphics \u2013 Federaci\u00f3n Argentina de Radiolog\u00eda! Inscribite desde AQU\u00cd<\/p>\n","protected":false},"author":2,"featured_media":0,"comment_status":"closed","ping_status":"closed","template":"","tags":[],"mec_category":[124],"_links":{"self":[{"href":"https:\/\/faardit.org.ar\/web\/wp-json\/wp\/v2\/mec-events\/7101"}],"collection":[{"href":"https:\/\/faardit.org.ar\/web\/wp-json\/wp\/v2\/mec-events"}],"about":[{"href":"https:\/\/faardit.org.ar\/web\/wp-json\/wp\/v2\/types\/mec-events"}],"author":[{"embeddable":true,"href":"https:\/\/faardit.org.ar\/web\/wp-json\/wp\/v2\/users\/2"}],"replies":[{"embeddable":true,"href":"https:\/\/faardit.org.ar\/web\/wp-json\/wp\/v2\/comments?post=7101"}],"wp:attachment":[{"href":"https:\/\/faardit.org.ar\/web\/wp-json\/wp\/v2\/media?parent=7101"}],"wp:term":[{"taxonomy":"post_tag","embeddable":true,"href":"https:\/\/faardit.org.ar\/web\/wp-json\/wp\/v2\/tags?post=7101"},{"taxonomy":"mec_category","embeddable":true,"href":"https:\/\/faardit.org.ar\/web\/wp-json\/wp\/v2\/mec_category?post=7101"}],"curies":[{"name":"wp","href":"https:\/\/api.w.org\/{rel}","templated":true}]}}

Club Bibliográfico RadioGraphics – FAARDIT

<p>¡Nuevo encuentro de Club Bibliográfico RadioGraphics – Federación Argentina de Radiología!<br />
Inscribite desde <a href="https://forms.gle/FDDPnA9DYoutbs8e9">AQUÍ</a></p>
<p><img loading="lazy" class="alignnone size-full wp-image-7102" src="https://faardit.org.ar/web/wp-content/uploads/2024/06/RadioGraphics.jpeg" alt="" width="1600" height="900" srcset="https://faardit.org.ar/web/wp-content/uploads/2024/06/RadioGraphics.jpeg 1600w, https://faardit.org.ar/web/wp-content/uploads/2024/06/RadioGraphics-300x169.jpeg 300w, https://faardit.org.ar/web/wp-content/uploads/2024/06/RadioGraphics-1024x576.jpeg 1024w, https://faardit.org.ar/web/wp-content/uploads/2024/06/RadioGraphics-768x432.jpeg 768w, https://faardit.org.ar/web/wp-content/uploads/2024/06/RadioGraphics-1536x864.jpeg 1536w" sizes="(max-width: 1600px) 100vw, 1600px" /></p>

<p>¡Nuevo encuentro de Club Bibliográfico RadioGraphics – Federación Argentina de Radiología! Inscribite desde AQUÍ</p>
