{"id":7153,"date":"2024-07-11T17:40:06","date_gmt":"2024-07-11T17:40:06","guid":{"rendered":"https:\/\/faardit.org.ar\/web\/?post_type=mec-events&#038;p=7153"},"modified":"2024-07-17T13:31:30","modified_gmt":"2024-07-17T13:31:30","slug":"jornada-regional-neuquen","status":"publish","type":"mec-events","link":"https:\/\/faardit.org.ar\/web\/events\/jornada-regional-neuquen\/","title":{"rendered":"Jornada Regional &#8211; Neuqu\u00e9n"},"content":{"rendered":"<p>Inscribite gratis desde <a href=\"https:\/\/forms.gle\/ms3QvoYDu35HjL4FA\">AQU\u00cd<\/a><\/p>\n<p>Detalle del Programa<\/p>\n<p>&nbsp;<\/p>\n<p>Viernes 23<br \/>\n16 -Acreditaci\u00f3n<br \/>\n16.30 &#8211; Endometriosis<br \/>\nUrgencias giencologicas<br \/>\n18- Break<br \/>\n18.30 -Ca de cervix<br \/>\nMasas anexiales<\/p>\n<p>S\u00e1bado 24<br \/>\n9- Recepci\u00f3n<br \/>\n9.30- Abdomen agudo de causa urol\u00f3gica<br \/>\nIm\u00e1genes prost\u00e1ticas<br \/>\n10.30- Break<br \/>\n11- PET en urolog\u00eda<\/p>\n<p><img loading=\"lazy\" class=\"alignnone size-full wp-image-7154\" src=\"https:\/\/faardit.org.ar\/web\/wp-content\/uploads\/2024\/07\/01-JornadaRegional-Neuquen-Jul24.jpg\" alt=\"\" width=\"1080\" height=\"1080\" srcset=\"https:\/\/faardit.org.ar\/web\/wp-content\/uploads\/2024\/07\/01-JornadaRegional-Neuquen-Jul24.jpg 1080w, https:\/\/faardit.org.ar\/web\/wp-content\/uploads\/2024\/07\/01-JornadaRegional-Neuquen-Jul24-300x300.jpg 300w, https:\/\/faardit.org.ar\/web\/wp-content\/uploads\/2024\/07\/01-JornadaRegional-Neuquen-Jul24-1024x1024.jpg 1024w, https:\/\/faardit.org.ar\/web\/wp-content\/uploads\/2024\/07\/01-JornadaRegional-Neuquen-Jul24-150x150.jpg 150w, https:\/\/faardit.org.ar\/web\/wp-content\/uploads\/2024\/07\/01-JornadaRegional-Neuquen-Jul24-768x768.jpg 768w\" sizes=\"(max-width: 1080px) 100vw, 1080px\" \/><\/p>\n","protected":false},"excerpt":{"rendered":"<p>Inscribite gratis desde AQU\u00cd Detalle del Programa &nbsp; Viernes 23 16 -Acreditaci\u00f3n 16.30 &#8211; Endometriosis Urgencias giencologicas 18- Break 18.30 -Ca de cervix Masas anexiales S\u00e1bado 24 9- Recepci\u00f3n 9.30- Abdomen agudo de causa urol\u00f3gica Im\u00e1genes prost\u00e1ticas 10.30- Break 11- PET en urolog\u00eda<\/p>\n","protected":false},"author":2,"featured_media":0,"comment_status":"closed","ping_status":"closed","template":"","tags":[],"mec_category":[124],"_links":{"self":[{"href":"https:\/\/faardit.org.ar\/web\/wp-json\/wp\/v2\/mec-events\/7153"}],"collection":[{"href":"https:\/\/faardit.org.ar\/web\/wp-json\/wp\/v2\/mec-events"}],"about":[{"href":"https:\/\/faardit.org.ar\/web\/wp-json\/wp\/v2\/types\/mec-events"}],"author":[{"embeddable":true,"href":"https:\/\/faardit.org.ar\/web\/wp-json\/wp\/v2\/users\/2"}],"replies":[{"embeddable":true,"href":"https:\/\/faardit.org.ar\/web\/wp-json\/wp\/v2\/comments?post=7153"}],"wp:attachment":[{"href":"https:\/\/faardit.org.ar\/web\/wp-json\/wp\/v2\/media?parent=7153"}],"wp:term":[{"taxonomy":"post_tag","embeddable":true,"href":"https:\/\/faardit.org.ar\/web\/wp-json\/wp\/v2\/tags?post=7153"},{"taxonomy":"mec_category","embeddable":true,"href":"https:\/\/faardit.org.ar\/web\/wp-json\/wp\/v2\/mec_category?post=7153"}],"curies":[{"name":"wp","href":"https:\/\/api.w.org\/{rel}","templated":true}]}}

Jornada Regional &#8211; Neuquén

<p>Inscribite gratis desde <a href="https://forms.gle/ms3QvoYDu35HjL4FA">AQUÍ</a></p>
<p>Detalle del Programa</p>
<p>&nbsp;</p>
<p>Viernes 23<br />
16 -Acreditación<br />
16.30 &#8211; Endometriosis<br />
Urgencias giencologicas<br />
18- Break<br />
18.30 -Ca de cervix<br />
Masas anexiales</p>
<p>Sábado 24<br />
9- Recepción<br />
9.30- Abdomen agudo de causa urológica<br />
Imágenes prostáticas<br />
10.30- Break<br />
11- PET en urología</p>
<p><img loading="lazy" class="alignnone size-full wp-image-7154" src="https://faardit.org.ar/web/wp-content/uploads/2024/07/01-JornadaRegional-Neuquen-Jul24.jpg" alt="" width="1080" height="1080" srcset="https://faardit.org.ar/web/wp-content/uploads/2024/07/01-JornadaRegional-Neuquen-Jul24.jpg 1080w, https://faardit.org.ar/web/wp-content/uploads/2024/07/01-JornadaRegional-Neuquen-Jul24-300x300.jpg 300w, https://faardit.org.ar/web/wp-content/uploads/2024/07/01-JornadaRegional-Neuquen-Jul24-1024x1024.jpg 1024w, https://faardit.org.ar/web/wp-content/uploads/2024/07/01-JornadaRegional-Neuquen-Jul24-150x150.jpg 150w, https://faardit.org.ar/web/wp-content/uploads/2024/07/01-JornadaRegional-Neuquen-Jul24-768x768.jpg 768w" sizes="(max-width: 1080px) 100vw, 1080px" /></p>

<p>Inscribite gratis desde AQUÍ Detalle del Programa &nbsp; Viernes 23 16 -Acreditación 16.30 &#8211; Endometriosis Urgencias giencologicas 18- Break 18.30 -Ca de cervix Masas anexiales Sábado 24 9- Recepción 9.30- Abdomen agudo de causa urológica Imágenes prostáticas 10.30- Break 11- PET en urología</p>
