{"id":7175,"date":"2024-07-22T13:14:22","date_gmt":"2024-07-22T13:14:22","guid":{"rendered":"https:\/\/faardit.org.ar\/web\/?post_type=mec-events&#038;p=7175"},"modified":"2024-07-23T13:24:39","modified_gmt":"2024-07-23T13:24:39","slug":"silan-2024","status":"publish","type":"mec-events","link":"https:\/\/faardit.org.ar\/web\/events\/silan-2024\/","title":{"rendered":"SILAN 2024"},"content":{"rendered":"<p>FAARDIT y ANRA, invitan a participar de SILAN 2024<\/p>\n<p>Para m\u00e1s informaci\u00f3n, ingrese <a href=\"https:\/\/www.silan2024.cl\/\">AQU\u00cd<\/a><img loading=\"lazy\" class=\"alignnone size-full wp-image-7176\" src=\"https:\/\/faardit.org.ar\/web\/wp-content\/uploads\/2024\/07\/SILAN_BANNER_MASSO-01.png\" alt=\"\" width=\"1080\" height=\"842\" srcset=\"https:\/\/faardit.org.ar\/web\/wp-content\/uploads\/2024\/07\/SILAN_BANNER_MASSO-01.png 1080w, https:\/\/faardit.org.ar\/web\/wp-content\/uploads\/2024\/07\/SILAN_BANNER_MASSO-01-300x234.png 300w, https:\/\/faardit.org.ar\/web\/wp-content\/uploads\/2024\/07\/SILAN_BANNER_MASSO-01-1024x798.png 1024w, https:\/\/faardit.org.ar\/web\/wp-content\/uploads\/2024\/07\/SILAN_BANNER_MASSO-01-768x599.png 768w\" sizes=\"(max-width: 1080px) 100vw, 1080px\" \/><\/p>\n","protected":false},"excerpt":{"rendered":"<p>FAARDIT y ANRA, invitan a participar de SILAN 2024 Para m\u00e1s informaci\u00f3n, ingrese AQU\u00cd<\/p>\n","protected":false},"author":2,"featured_media":0,"comment_status":"closed","ping_status":"closed","template":"","tags":[],"mec_category":[125],"_links":{"self":[{"href":"https:\/\/faardit.org.ar\/web\/wp-json\/wp\/v2\/mec-events\/7175"}],"collection":[{"href":"https:\/\/faardit.org.ar\/web\/wp-json\/wp\/v2\/mec-events"}],"about":[{"href":"https:\/\/faardit.org.ar\/web\/wp-json\/wp\/v2\/types\/mec-events"}],"author":[{"embeddable":true,"href":"https:\/\/faardit.org.ar\/web\/wp-json\/wp\/v2\/users\/2"}],"replies":[{"embeddable":true,"href":"https:\/\/faardit.org.ar\/web\/wp-json\/wp\/v2\/comments?post=7175"}],"wp:attachment":[{"href":"https:\/\/faardit.org.ar\/web\/wp-json\/wp\/v2\/media?parent=7175"}],"wp:term":[{"taxonomy":"post_tag","embeddable":true,"href":"https:\/\/faardit.org.ar\/web\/wp-json\/wp\/v2\/tags?post=7175"},{"taxonomy":"mec_category","embeddable":true,"href":"https:\/\/faardit.org.ar\/web\/wp-json\/wp\/v2\/mec_category?post=7175"}],"curies":[{"name":"wp","href":"https:\/\/api.w.org\/{rel}","templated":true}]}}

<p>FAARDIT y ANRA, invitan a participar de SILAN 2024</p>
<p>Para más información, ingrese <a href="https://www.silan2024.cl/">AQUÍ</a><img loading="lazy" class="alignnone size-full wp-image-7176" src="https://faardit.org.ar/web/wp-content/uploads/2024/07/SILAN_BANNER_MASSO-01.png" alt="" width="1080" height="842" srcset="https://faardit.org.ar/web/wp-content/uploads/2024/07/SILAN_BANNER_MASSO-01.png 1080w, https://faardit.org.ar/web/wp-content/uploads/2024/07/SILAN_BANNER_MASSO-01-300x234.png 300w, https://faardit.org.ar/web/wp-content/uploads/2024/07/SILAN_BANNER_MASSO-01-1024x798.png 1024w, https://faardit.org.ar/web/wp-content/uploads/2024/07/SILAN_BANNER_MASSO-01-768x599.png 768w" sizes="(max-width: 1080px) 100vw, 1080px" /></p>

<p>FAARDIT y ANRA, invitan a participar de SILAN 2024 Para más información, ingrese AQUÍ</p>
