{"id":7479,"date":"2024-12-10T14:59:25","date_gmt":"2024-12-10T14:59:25","guid":{"rendered":"https:\/\/faardit.org.ar\/web\/?post_type=mec-events&#038;p=7479"},"modified":"2024-12-10T15:00:20","modified_gmt":"2024-12-10T15:00:20","slug":"jornadas-paulistas-de-radiologia-2025-gratis-para-socios","status":"publish","type":"mec-events","link":"https:\/\/faardit.org.ar\/web\/events\/jornadas-paulistas-de-radiologia-2025-gratis-para-socios\/","title":{"rendered":"Jornadas Paulistas de Radiologia 2025 &#8211; \u00a1Gratis para Socios!"},"content":{"rendered":"<p>Encontrar\u00e1 m\u00e1s informaci\u00f3n <a href=\"https:\/\/www.spr.org.br\/evento\/380\/jornada-paulista-de-radiologia\/jpr-2025\">AQU\u00cd<\/a><\/p>\n<p>&nbsp;<\/p>\n","protected":false},"excerpt":{"rendered":"<p>Encontrar\u00e1 m\u00e1s informaci\u00f3n AQU\u00cd &nbsp;<\/p>\n","protected":false},"author":2,"featured_media":0,"comment_status":"closed","ping_status":"closed","template":"","tags":[],"mec_category":[125],"_links":{"self":[{"href":"https:\/\/faardit.org.ar\/web\/wp-json\/wp\/v2\/mec-events\/7479"}],"collection":[{"href":"https:\/\/faardit.org.ar\/web\/wp-json\/wp\/v2\/mec-events"}],"about":[{"href":"https:\/\/faardit.org.ar\/web\/wp-json\/wp\/v2\/types\/mec-events"}],"author":[{"embeddable":true,"href":"https:\/\/faardit.org.ar\/web\/wp-json\/wp\/v2\/users\/2"}],"replies":[{"embeddable":true,"href":"https:\/\/faardit.org.ar\/web\/wp-json\/wp\/v2\/comments?post=7479"}],"wp:attachment":[{"href":"https:\/\/faardit.org.ar\/web\/wp-json\/wp\/v2\/media?parent=7479"}],"wp:term":[{"taxonomy":"post_tag","embeddable":true,"href":"https:\/\/faardit.org.ar\/web\/wp-json\/wp\/v2\/tags?post=7479"},{"taxonomy":"mec_category","embeddable":true,"href":"https:\/\/faardit.org.ar\/web\/wp-json\/wp\/v2\/mec_category?post=7479"}],"curies":[{"name":"wp","href":"https:\/\/api.w.org\/{rel}","templated":true}]}}

<p>Encontrará más información <a href="https://www.spr.org.br/evento/380/jornada-paulista-de-radiologia/jpr-2025">AQUÍ</a></p>
<p>&nbsp;</p>

<p>Encontrará más información AQUÍ &nbsp;</p>
