{"id":7482,"date":"2024-12-10T15:05:08","date_gmt":"2024-12-10T15:05:08","guid":{"rendered":"https:\/\/faardit.org.ar\/web\/?post_type=mec-events&#038;p=7482"},"modified":"2024-12-10T15:06:35","modified_gmt":"2024-12-10T15:06:35","slug":"congreso-colombiano-de-radiologia-2025","status":"publish","type":"mec-events","link":"https:\/\/faardit.org.ar\/web\/events\/congreso-colombiano-de-radiologia-2025\/","title":{"rendered":"Congreso Colombiano de Radiolog\u00eda 2025"},"content":{"rendered":"<p>Encuentra m\u00e1s informaci\u00f3n <a href=\"https:\/\/www.ccr2025.org\/\">AQU\u00cd<\/a><\/p>\n<p><img loading=\"lazy\" class=\"alignnone size-large wp-image-7483\" src=\"https:\/\/faardit.org.ar\/web\/wp-content\/uploads\/2024\/12\/CCR-819x1024.jpg\" alt=\"\" width=\"819\" height=\"1024\" srcset=\"https:\/\/faardit.org.ar\/web\/wp-content\/uploads\/2024\/12\/CCR-819x1024.jpg 819w, https:\/\/faardit.org.ar\/web\/wp-content\/uploads\/2024\/12\/CCR-240x300.jpg 240w, https:\/\/faardit.org.ar\/web\/wp-content\/uploads\/2024\/12\/CCR-768x960.jpg 768w, https:\/\/faardit.org.ar\/web\/wp-content\/uploads\/2024\/12\/CCR-1229x1536.jpg 1229w, https:\/\/faardit.org.ar\/web\/wp-content\/uploads\/2024\/12\/CCR.jpg 1350w\" sizes=\"(max-width: 819px) 100vw, 819px\" \/><\/p>\n","protected":false},"excerpt":{"rendered":"<p>Encuentra m\u00e1s informaci\u00f3n AQU\u00cd<\/p>\n","protected":false},"author":2,"featured_media":0,"comment_status":"closed","ping_status":"closed","template":"","tags":[],"mec_category":[125],"_links":{"self":[{"href":"https:\/\/faardit.org.ar\/web\/wp-json\/wp\/v2\/mec-events\/7482"}],"collection":[{"href":"https:\/\/faardit.org.ar\/web\/wp-json\/wp\/v2\/mec-events"}],"about":[{"href":"https:\/\/faardit.org.ar\/web\/wp-json\/wp\/v2\/types\/mec-events"}],"author":[{"embeddable":true,"href":"https:\/\/faardit.org.ar\/web\/wp-json\/wp\/v2\/users\/2"}],"replies":[{"embeddable":true,"href":"https:\/\/faardit.org.ar\/web\/wp-json\/wp\/v2\/comments?post=7482"}],"wp:attachment":[{"href":"https:\/\/faardit.org.ar\/web\/wp-json\/wp\/v2\/media?parent=7482"}],"wp:term":[{"taxonomy":"post_tag","embeddable":true,"href":"https:\/\/faardit.org.ar\/web\/wp-json\/wp\/v2\/tags?post=7482"},{"taxonomy":"mec_category","embeddable":true,"href":"https:\/\/faardit.org.ar\/web\/wp-json\/wp\/v2\/mec_category?post=7482"}],"curies":[{"name":"wp","href":"https:\/\/api.w.org\/{rel}","templated":true}]}}

Congreso Colombiano de Radiología 2025

<p>Encuentra más información <a href="https://www.ccr2025.org/">AQUÍ</a></p>
<p><img loading="lazy" class="alignnone size-large wp-image-7483" src="https://faardit.org.ar/web/wp-content/uploads/2024/12/CCR-819x1024.jpg" alt="" width="819" height="1024" srcset="https://faardit.org.ar/web/wp-content/uploads/2024/12/CCR-819x1024.jpg 819w, https://faardit.org.ar/web/wp-content/uploads/2024/12/CCR-240x300.jpg 240w, https://faardit.org.ar/web/wp-content/uploads/2024/12/CCR-768x960.jpg 768w, https://faardit.org.ar/web/wp-content/uploads/2024/12/CCR-1229x1536.jpg 1229w, https://faardit.org.ar/web/wp-content/uploads/2024/12/CCR.jpg 1350w" sizes="(max-width: 819px) 100vw, 819px" /></p>

<p>Encuentra más información AQUÍ</p>
