{"id":7486,"date":"2024-12-10T15:10:28","date_gmt":"2024-12-10T15:10:28","guid":{"rendered":"https:\/\/faardit.org.ar\/web\/?post_type=mec-events&#038;p=7486"},"modified":"2024-12-10T15:10:44","modified_gmt":"2024-12-10T15:10:44","slug":"congreso-europeo-de-radiologia","status":"publish","type":"mec-events","link":"https:\/\/faardit.org.ar\/web\/events\/congreso-europeo-de-radiologia\/","title":{"rendered":"Congreso Europeo de Radiolog\u00eda"},"content":{"rendered":"<p>Encuentra m\u00e1s informaci\u00f3n <a href=\"https:\/\/www.myesr.org\/congress\/\">AQU\u00cd<\/a><\/p>\n<p>&nbsp;<\/p>\n","protected":false},"excerpt":{"rendered":"<p>Encuentra m\u00e1s informaci\u00f3n AQU\u00cd &nbsp;<\/p>\n","protected":false},"author":2,"featured_media":0,"comment_status":"closed","ping_status":"closed","template":"","tags":[],"mec_category":[125],"_links":{"self":[{"href":"https:\/\/faardit.org.ar\/web\/wp-json\/wp\/v2\/mec-events\/7486"}],"collection":[{"href":"https:\/\/faardit.org.ar\/web\/wp-json\/wp\/v2\/mec-events"}],"about":[{"href":"https:\/\/faardit.org.ar\/web\/wp-json\/wp\/v2\/types\/mec-events"}],"author":[{"embeddable":true,"href":"https:\/\/faardit.org.ar\/web\/wp-json\/wp\/v2\/users\/2"}],"replies":[{"embeddable":true,"href":"https:\/\/faardit.org.ar\/web\/wp-json\/wp\/v2\/comments?post=7486"}],"wp:attachment":[{"href":"https:\/\/faardit.org.ar\/web\/wp-json\/wp\/v2\/media?parent=7486"}],"wp:term":[{"taxonomy":"post_tag","embeddable":true,"href":"https:\/\/faardit.org.ar\/web\/wp-json\/wp\/v2\/tags?post=7486"},{"taxonomy":"mec_category","embeddable":true,"href":"https:\/\/faardit.org.ar\/web\/wp-json\/wp\/v2\/mec_category?post=7486"}],"curies":[{"name":"wp","href":"https:\/\/api.w.org\/{rel}","templated":true}]}}

Congreso Europeo de Radiología

<p>Encuentra más información <a href="https://www.myesr.org/congress/">AQUÍ</a></p>
<p>&nbsp;</p>

<p>Encuentra más información AQUÍ &nbsp;</p>
