{"id":1991,"date":"2017-10-05T14:24:33","date_gmt":"2017-10-05T14:24:33","guid":{"rendered":"https:\/\/usinacreativa.com.ar\/faardit2017\/?page_id=1991"},"modified":"2024-01-19T13:19:34","modified_gmt":"2024-01-19T13:19:34","slug":"informacion","status":"publish","type":"page","link":"https:\/\/faardit.org.ar\/web\/encuentro-residentes\/informacion\/","title":{"rendered":""},"content":{"rendered":"<div id=\"pl-1991\" class=\"panel-layout\">\n<div id=\"pg-1991-0\" class=\"panel-grid panel-no-style\" data-style=\"{&quot;background_display&quot;:&quot;tile&quot;,&quot;cell_alignment&quot;:&quot;flex-start&quot;}\">\n<div id=\"pgc-1991-0-0\" class=\"panel-grid-cell\" data-weight=\"0.8\">\n<div id=\"panel-1991-0-0-0\" class=\"so-panel widget widget_sow-editor panel-first-child panel-last-child\" data-index=\"0\" data-style=\"{&quot;background_image_attachment&quot;:false,&quot;background_display&quot;:&quot;tile&quot;}\">\n<div class=\"so-widget-sow-editor so-widget-sow-editor-base\">\n<div class=\"siteorigin-widget-tinymce textwidget\">\n<h3 style=\"text-align: justify;\"><span style=\"color: #000000;\">QU\u00c9 ES Y \u201cQU\u00c9 NO ES\u201d UN ENCUENTRO DE RESIDENTES<\/span><\/h3>\n<p style=\"text-align: justify;\"><span style=\"color: #000000;\">El Encuentro consiste en una reuni\u00f3n de residentes donde los designados por las diferentes escuelas presentan casos de inter\u00e9s cient\u00edfico y con diferentes grados de dificultad para ser discutidos por todos los participantes bajo la coordinaci\u00f3n de los maestros que solo acompa\u00f1an en la discusi\u00f3n.<\/span><\/p>\n<p style=\"text-align: justify;\"><span style=\"color: #000000;\"><strong>No es un examen<\/strong>, <strong>tampoco es una clase magistral<\/strong>, es compartir un caso de inter\u00e9s cient\u00edfico con nuestros compa\u00f1eros en un ambiente distendido y divertido: <em>No es pecado divertirse aprendiendo. Aprendemos a pensar generando discusi\u00f3n.<\/em>\u00a0<\/span><\/p>\n<p style=\"text-align: justify;\"><span style=\"color: #000000;\">Los que no conocemos la patolog\u00eda o erramos el diagn\u00f3stico somos los m\u00e1s beneficiados porque aprendemos algo nuevo y eso nos crea la inquietud y la necesidad de profundizar, por eso al final de la presentaci\u00f3n quien expone debe hacer una breve rese\u00f1a de la patolog\u00eda y aportar bibliograf\u00eda.<\/span><\/p>\n<p style=\"text-align: justify;\"><span style=\"color: #000000;\">Nuestros encuentros en Argentina se realizan durante los congresos internacionales de diagn\u00f3stico por im\u00e1genes organizados por la Sociedad de Radiolog\u00eda de C\u00f3rdoba (a\u00f1os pares), la Sociedad de Radiolog\u00eda de Tucum\u00e1n (a\u00f1os impares) y el CADI anualmente, los que cuentan con el auspicio de la Federaci\u00f3n Argentina de Radiolog\u00eda(FAARDIT). Durante su desarrollo (generalmente llevado a cabo el primer d\u00eda de dichos congresos) m\u00e9dicos en formaci\u00f3n en diagn\u00f3stico por im\u00e1genes en representaci\u00f3n de sus respectivas escuelas (*) presentan casos cl\u00ednicos-radiol\u00f3gicos de inter\u00e9s para ser discutidos junto a sus compa\u00f1eros residentes coordinados por radi\u00f3logos de experiencia.<\/span><\/p>\n<p style=\"text-align: justify;\"><span style=\"color: #000000;\">Tambi\u00e9n se han realizado en Uruguay, Colombia y regularmente en San Pablo con la participaci\u00f3n de SPR.<\/span><\/p>\n<p style=\"text-align: justify;\"><span style=\"color: #000000;\"><em>(*) Con el fin \u00fanico de lograr un evento absolutamente federal donde todas las provincias argentinas (y del extranjero) con escuelas de diagn\u00f3stico por im\u00e1genes se encuentren representadas en el evento, algunas provincias mediante sus respectivas sociedades de radiolog\u00eda, seleccionan el\/los casos m\u00e1s representativos para competir en el encuentro. Esta metodolog\u00eda es aplicada actualmente con la Sociedad de Radiolog\u00eda de C\u00f3rdoba (SORDIC) y la Sociedad de Radiolog\u00eda de Mendoza.<\/em><\/span><\/p>\n<\/div>\n<\/div>\n<\/div>\n<\/div>\n<div id=\"pgc-1991-0-1\" class=\"panel-grid-cell\" style=\"text-align: justify;\" data-weight=\"0.2\"><\/div>\n<\/div>\n<\/div>\n","protected":false},"excerpt":{"rendered":"<p>QU\u00c9 ES Y \u201cQU\u00c9 NO ES\u201d UN ENCUENTRO DE RESIDENTES El Encuentro consiste en una reuni\u00f3n de residentes donde los designados por las diferentes escuelas presentan casos de inter\u00e9s cient\u00edfico y con diferentes grados de dificultad para ser discutidos por todos los participantes bajo la&#8230;<\/p>\n","protected":false},"author":1,"featured_media":0,"parent":677,"menu_order":0,"comment_status":"closed","ping_status":"closed","template":"","meta":[],"_links":{"self":[{"href":"https:\/\/faardit.org.ar\/web\/wp-json\/wp\/v2\/pages\/1991"}],"collection":[{"href":"https:\/\/faardit.org.ar\/web\/wp-json\/wp\/v2\/pages"}],"about":[{"href":"https:\/\/faardit.org.ar\/web\/wp-json\/wp\/v2\/types\/page"}],"author":[{"embeddable":true,"href":"https:\/\/faardit.org.ar\/web\/wp-json\/wp\/v2\/users\/1"}],"replies":[{"embeddable":true,"href":"https:\/\/faardit.org.ar\/web\/wp-json\/wp\/v2\/comments?post=1991"}],"version-history":[{"count":3,"href":"https:\/\/faardit.org.ar\/web\/wp-json\/wp\/v2\/pages\/1991\/revisions"}],"predecessor-version":[{"id":6798,"href":"https:\/\/faardit.org.ar\/web\/wp-json\/wp\/v2\/pages\/1991\/revisions\/6798"}],"up":[{"embeddable":true,"href":"https:\/\/faardit.org.ar\/web\/wp-json\/wp\/v2\/pages\/677"}],"wp:attachment":[{"href":"https:\/\/faardit.org.ar\/web\/wp-json\/wp\/v2\/media?parent=1991"}],"curies":[{"name":"wp","href":"https:\/\/api.w.org\/{rel}","templated":true}]}}