{"id":240,"date":"2014-11-19T13:16:21","date_gmt":"2014-11-19T13:16:21","guid":{"rendered":"http:\/\/demo1.artillegence.com\/theagency\/what-we-do\/"},"modified":"2026-02-26T14:08:09","modified_gmt":"2026-02-26T14:08:09","slug":"sociedades-afiliadas","status":"publish","type":"page","link":"https:\/\/faardit.org.ar\/web\/sociedades-afiliadas\/","title":{"rendered":"Sociedades Afiliadas"},"content":{"rendered":"<div class=\"page-section  clearfix first-section last-section  senseSecBGModel \" style=\"z-index:1\" id='rpsRMCXDJI7GUH1FTU67GLG8K0FXR88MMHG' data-exheight='0' >\n\t\n\t<div class=\"section-inner-wrap\">\n\n\t\t\n\n\n\t\t\t\n\n\t<div class=\"skeleton section-content auto_align clearfix\" data-width=\"Contained\">\n\t\t\n\t\t\t\t\t\n<div class=\"rad-container  layout_element  three_fourth first  top   clearfix\" id=\"rpcVT824AA9EX4C0VPK2SRGG0B8V91RIEAO\" data-layout=\"three_fourth\">\n\t\n\t \t\n\n\t<div class=\"rad-inner-container clearfix\">\n\t \n\n\n<div  data-key=\"rad_text_widget\"  style='-webkit-transition-delay:0s;transition-delay:0s;' id=\"rpwP2AT2NR05HK8T0AKIMTH9CISI0AMH9YM\" class=\" w_full w_layout_element  top   rad-widget\">\n\t\n<div class='ioa-text-column none  col-align-left  clearfix'> \n      \n      <div class='ioa-text-area'>\n        <h3 class='text-title'> <\/h3>\n        \n        \n        <div class='ioa-text clearfix'><iframe src=\"https:\/\/www.google.com\/maps\/d\/u\/0\/embed?mid=1xFdgw1EW6iW249LEvtNm8b-kZVj1wEGV\" width=\"800\" height=\"520\"><\/iframe><\/div>\n        \n      <\/div> \n     <\/div>\n<\/div>\t\t\n\t<\/div>\n\n\t\n<\/div>\n\n\t\t\n<div class=\"rad-container  layout_element right one_fourth last top   clearfix\" id=\"rpcJLI8CVB3GRC6UYQ7R7WGCR92O6WJCXAA\" data-layout=\"one_fourth\">\n\t\n\t \t\n\n\t<div class=\"rad-inner-container clearfix\">\n\t\n<div  data-key=\"rad_divider_widget\"  id=\"rpwAWPE54JSIDJVD85TG99UTGUC16K9QOV1\" class=\" w_full w_layout_element  top   rad-widget\" style=\"padding:\">\n\t<div class=\"divider line\"  >\n\t\t\t\t\t\t\t\t\t<\/div>\n<\/div>\n\n\n<div  data-key=\"rad_button_widget\"  id=\"rpwX5MB6QWK8LQMSGW0R7NVGIFVP9US04DF\" class=\" button-align-right  w_full w_layout_element   clearfix rad-widget rad-button-widget \">\n\t<a   href=\"https:\/\/faardit.org.ar\/web\/quienes-somos\/\"  class=\" ioa-button style-classic size-block has-icon \">\n\t\t\t<i class=\"ioa-front-icon ioa-front-icon user-2icon-\"><\/i>\t\t\t<span>Qui\u00e9nes Somos<\/span>\n\t<\/a>\n<\/div>\n\n\n<div  data-key=\"rad_button_widget\"  id=\"rpwVPLAPLGFH4F378LHLC80LWFFSRP4KDXC\" class=\" button-align-right  w_full w_layout_element   clearfix rad-widget rad-button-widget \">\n\t<a   href=\"https:\/\/faardit.org.ar\/web\/consejo-administracion\/\"  class=\" ioa-button style-classic size-block has-icon \">\n\t\t\t<i class=\"ioa-front-icon ioa-front-icon usersicon-\"><\/i>\t\t\t<span>Consejo de Administraci\u00f3n<\/span>\n\t<\/a>\n<\/div>\n\n\n<div  data-key=\"rad_button_widget\"  id=\"rpwMKRYMG5C0BQ24QUH4QS346VNGI2YEKCD\" class=\" button-align-right  w_full w_layout_element   clearfix rad-widget rad-button-widget \">\n\t<a   href=\"https:\/\/faardit.org.ar\/web\/historia\/\"  class=\" ioa-button style-classic size-block has-icon \">\n\t\t\t<i class=\"ioa-front-icon ioa-front-icon book-openicon-\"><\/i>\t\t\t<span>Nuestra historia<\/span>\n\t<\/a>\n<\/div>\n\n\n<div  data-key=\"rad_button_widget\"  id=\"rpwUR7906MSFYX53E9WVYV21PL5TGV15214\" class=\" button-align-left  w_full w_layout_element   clearfix rad-widget rad-button-widget \">\n\t<a   href=\"https:\/\/faardit.org.ar\/web\/estatuto\/\"  class=\" ioa-button style-classic size-block has-icon \">\n\t\t\t<i class=\"ioa-front-icon ioa-front-icon doc-alt-1icon-\"><\/i>\t\t\t<span>Nuestro Estatuto<\/span>\n\t<\/a>\n<\/div>\n\n\n<div  data-key=\"rad_button_widget\"  id=\"rpwWFKLVLYST3QLYQIDER71Q8QU7WVP2WRF\" class=\" button-align-right  w_full w_layout_element   clearfix rad-widget rad-button-widget \">\n\t<a   href=\"https:\/\/faardit.org.ar\/web\/distinciones\/\"  class=\" ioa-button style-classic size-block has-icon \">\n\t\t\t<i class=\"ioa-front-icon ioa-ti ti-medall\"><\/i>\t\t\t<span>Distinciones<\/span>\n\t<\/a>\n<\/div>\n\n\t\t\n\t<\/div>\n\n\t\n<\/div>\n\n\t\t\n<div class=\"rad-container  layout_element  full last first   clearfix\" id=\"rpcEKM2LXW1HVEU2GQB6FBEKXONRCM3GKE6\" data-layout=\"full\">\n\t<span class=\"vline\" style='-webkit-transition-delay:700ms;transition-delay:700ms;'><\/span>\n\t \t\n\n\t<div class=\"rad-inner-container clearfix\">\n\t\n<div  data-key=\"rad_toggle_widget\"  id=\"rpwRVWOEN50VBWX6NGJFWB8R4R5FKLU7Y4C\" class=\" w_full w_layout_element  top   rad-widget\">\n\n\t<div class=\"toggle-inner-wrap\">\n\t\t\n\n\t\t<div class=\" clearfix toggle-style-simple\" itemscope itemtype=\"http:\/\/schema.org\/ItemList\">\n  \t\t\n\t\t\n\t\t <div class='toggle ' itemscope itemtype='http:\/\/schema.org\/Thing'><h4><a href=\"#tg69d66dc378c2f\" class='toggle-title ' itemprop='name'  > <i class='ioa-front-icon  plus-2icon-'><\/i> Buenos Aires<\/a><\/h4><div id='tg69d66dc378c2f' itemprop='description' class='toggle-body collapse'>\n<p><a href=\"https:\/\/faardit.org.ar\/web\/sociedades-afiliadas\/aditmar\/\" target=\"_blank\" rel=\"noopener noreferrer\">Asociaci\u00f3n de Diagn\u00f3stico por Im\u00e1genes y Terapia Radiante de Mar del Plata (ADIT Mar del Plata)<\/a><\/p>\n<p><a href=\"https:\/\/faardit.org.ar\/web\/sociedades-afiliadas\/asociacion-bahia-blanca\/\" target=\"_blank\" rel=\"noopener noreferrer\">Asociaci\u00f3n de Radiolog\u00eda y Medicina por Im\u00e1genes de Bah\u00eda Blanca<\/a><\/p>\n<p><a href=\"https:\/\/faardit.org.ar\/web\/asociacion-la-plata\/\" target=\"_blank\" rel=\"noopener noreferrer\">Asociaci\u00f3n de Diagn\u00f3stico y Terap\u00e9utica por Im\u00e1genes de la Prov. Bs.As.<\/a><\/p>\n<\/div> <\/div> <div class='toggle ' itemscope itemtype='http:\/\/schema.org\/Thing'><h4><a href=\"#tg69d66dc378e38\" class='toggle-title ' itemprop='name'  > <i class='ioa-front-icon  plus-2icon-'><\/i> Chaco<\/a><\/h4><div id='tg69d66dc378e38' itemprop='description' class='toggle-body collapse'> <a href=\"https:\/\/faardit.org.ar\/web\/sociedades-afiliadas\/ardimtec\/\" target=\"_blank\" rel=\"noopener noreferrer\">Asociaci\u00f3n de Radiolog\u00eda, Diagn\u00f3stico por Im\u00e1genes, Medicina Nuclear y Terapia Radiante del Chaco (ARDIMTEC)<\/a><\/div> <\/div> <div class='toggle ' itemscope itemtype='http:\/\/schema.org\/Thing'><h4><a href=\"#tg69d66dc37904e\" class='toggle-title ' itemprop='name'  > <i class='ioa-front-icon  plus-2icon-'><\/i> Chubut<\/a><\/h4><div id='tg69d66dc37904e' itemprop='description' class='toggle-body collapse'> <a href=\"https:\/\/faardit.org.ar\/web\/sociedades-afiliadas\/asociacion-de-radiologia-y-diagnosticos-por-imagenes-del-chubut\/\" target=\"_blank\" rel=\"noopener noreferrer\">Asociaci\u00f3n de radiolog\u00eda y diagn\u00f3stico por im\u00e1genes de Chubut\/a&gt;<\/div> <\/div> <div class='toggle ' itemscope itemtype='http:\/\/schema.org\/Thing'><h4><a href=\"#tg69d66dc37925f\" class='toggle-title ' itemprop='name'  > <i class='ioa-front-icon  plus-2icon-'><\/i> C\u00f3rdoba<\/a><\/h4><div id='tg69d66dc37925f' itemprop='description' class='toggle-body collapse'> <\/a><a href=\"https:\/\/faardit.org.ar\/web\/sociedades-afiliadas\/sordic\/\" target=\"_blank\" rel=\"noopener noreferrer\">Sociedad de Radiolog\u00eda y Diagn\u00f3stico por Im\u00e1genes de la Provincia de C\u00f3rdoba <\/a><a href=\"https:\/\/faardit.org.ar\/web\/sociedades-afiliadas\/asociacion-de-radiologia-y-diagnosticos-por-imagenes-del-chubut\/\" target=\"_blank\" rel=\"noopener noreferrer\"><\/div> <\/div> <div class='toggle ' itemscope itemtype='http:\/\/schema.org\/Thing'><h4><a href=\"#tg69d66dc3794a6\" class='toggle-title ' itemprop='name'  > <i class='ioa-front-icon  plus-2icon-'><\/i> Corrientes<\/a><\/h4><div id='tg69d66dc3794a6' itemprop='description' class='toggle-body collapse'> <\/a><a href=\"https:\/\/faardit.org.ar\/web\/sociedades-afiliadas\/sociedad-radiologia-corrientes\/\" target=\"_blank\" rel=\"noopener noreferrer\">Sociedad de Radiolog\u00eda de Corrientes<\/a><a href=\"https:\/\/faardit.org.ar\/web\/sociedades-afiliadas\/asociacion-de-radiologia-y-diagnosticos-por-imagenes-del-chubut\/\" target=\"_blank\" rel=\"noopener noreferrer\"><\/div> <\/div> <div class='toggle ' itemscope itemtype='http:\/\/schema.org\/Thing'><h4><a href=\"#tg69d66dc3796b8\" class='toggle-title ' itemprop='name'  > <i class='ioa-front-icon  plus-2icon-'><\/i> Entre R\u00edos<\/a><\/h4><div id='tg69d66dc3796b8' itemprop='description' class='toggle-body collapse'> <\/a><a href=\"https:\/\/faardit.org.ar\/web\/sociedades-afiliadas\/sociedad-diagnostico-imagenes-litoral\/\" target=\"_blank\" rel=\"noopener noreferrer\">Sociedad de Diagn\u00f3stico por Im\u00e1genes y Terapia Radiante del Litoral <\/a><a href=\"https:\/\/faardit.org.ar\/web\/sociedades-afiliadas\/asociacion-de-radiologia-y-diagnosticos-por-imagenes-del-chubut\/\" target=\"_blank\" rel=\"noopener noreferrer\"><\/div> <\/div> <div class='toggle ' itemscope itemtype='http:\/\/schema.org\/Thing'><h4><a href=\"#tg69d66dc3798cd\" class='toggle-title ' itemprop='name'  > <i class='ioa-front-icon  plus-2icon-'><\/i> Jujuy<\/a><\/h4><div id='tg69d66dc3798cd' itemprop='description' class='toggle-body collapse'> <\/a><a href=\"https:\/\/faardit.org.ar\/web\/sociedades-afiliadas\/sociedad-radiologia-jujuy\/\" target=\"_blank\" rel=\"noopener noreferrer\">Sociedad de Radiolog\u00eda de Jujuy<\/a><a href=\"https:\/\/faardit.org.ar\/web\/sociedades-afiliadas\/asociacion-de-radiologia-y-diagnosticos-por-imagenes-del-chubut\/\" target=\"_blank\" rel=\"noopener noreferrer\"><\/div> <\/div> <div class='toggle ' itemscope itemtype='http:\/\/schema.org\/Thing'><h4><a href=\"#tg69d66dc379ad7\" class='toggle-title ' itemprop='name'  > <i class='ioa-front-icon  plus-2icon-'><\/i> La Rioja<\/a><\/h4><div id='tg69d66dc379ad7' itemprop='description' class='toggle-body collapse'> <\/a><a href=\"https:\/\/faardit.org.ar\/web\/sociedades-afiliadas\/asociacion-imagenologia-larioja\/\" target=\"_blank\" rel=\"noopener noreferrer\">Asociaci\u00f3n de Imagenolog\u00eda de La Rioja<\/a><a href=\"https:\/\/faardit.org.ar\/web\/sociedades-afiliadas\/asociacion-de-radiologia-y-diagnosticos-por-imagenes-del-chubut\/\" target=\"_blank\" rel=\"noopener noreferrer\"><\/div> <\/div> <div class='toggle ' itemscope itemtype='http:\/\/schema.org\/Thing'><h4><a href=\"#tg69d66dc379d04\" class='toggle-title ' itemprop='name'  > <i class='ioa-front-icon  plus-2icon-'><\/i> Mendoza<\/a><\/h4><div id='tg69d66dc379d04' itemprop='description' class='toggle-body collapse'> <\/a><a href=\"https:\/\/faardit.org.ar\/web\/sociedades-afiliadas\/sociedad-radiologia-mendoza\/\" target=\"_blank\" rel=\"noopener noreferrer\">Sociedad de Radiolog\u00eda de Mendoza<\/a><a href=\"https:\/\/faardit.org.ar\/web\/sociedades-afiliadas\/asociacion-de-radiologia-y-diagnosticos-por-imagenes-del-chubut\/\" target=\"_blank\" rel=\"noopener noreferrer\"><\/div> <\/div> <div class='toggle ' itemscope itemtype='http:\/\/schema.org\/Thing'><h4><a href=\"#tg69d66dc379f1f\" class='toggle-title ' itemprop='name'  > <i class='ioa-front-icon  plus-2icon-'><\/i> Misiones<\/a><\/h4><div id='tg69d66dc379f1f' itemprop='description' class='toggle-body collapse'> <\/a><a href=\"https:\/\/faardit.org.ar\/web\/sociedades-afiliadas\/sordim\/\" target=\"_blank\" rel=\"noopener noreferrer\">Sociedad de Radiolog\u00eda y Diagn\u00f3stico por Im\u00e1genes de Misiones (SORDIM)<br \/>\n<\/a><a href=\"https:\/\/faardit.org.ar\/web\/sociedades-afiliadas\/asociacion-de-radiologia-y-diagnosticos-por-imagenes-del-chubut\/\" target=\"_blank\" rel=\"noopener noreferrer\"><\/div> <\/div> <div class='toggle ' itemscope itemtype='http:\/\/schema.org\/Thing'><h4><a href=\"#tg69d66dc37a12d\" class='toggle-title ' itemprop='name'  > <i class='ioa-front-icon  plus-2icon-'><\/i> Neuqu\u00e9n y R\u00edo Negro<\/a><\/h4><div id='tg69d66dc37a12d' itemprop='description' class='toggle-body collapse'> <\/a><a href=\"https:\/\/faardit.org.ar\/web\/sociedades-afiliadas\/somit\/\" target=\"_blank\" rel=\"noopener noreferrer\">Sociedad de Medicina por Im\u00e1genes y Terapia Radiante de R\u00edo Negro y Neuquen (SOMIT)<\/a><a href=\"https:\/\/faardit.org.ar\/web\/sociedades-afiliadas\/asociacion-de-radiologia-y-diagnosticos-por-imagenes-del-chubut\/\" target=\"_blank\" rel=\"noopener noreferrer\"><\/div> <\/div> <div class='toggle ' itemscope itemtype='http:\/\/schema.org\/Thing'><h4><a href=\"#tg69d66dc37a35e\" class='toggle-title ' itemprop='name'  > <i class='ioa-front-icon  plus-2icon-'><\/i> Salta<\/a><\/h4><div id='tg69d66dc37a35e' itemprop='description' class='toggle-body collapse'> <\/a><a href=\"https:\/\/faardit.org.ar\/web\/sociedades-afiliadas\/asociacion-saltena-radiologia\/\" target=\"_blank\" rel=\"noopener noreferrer\">Sociedad Salte\u00f1a de Diagn\u00f3stico por Im\u00e1genes y Terapia Radiante<\/a><a href=\"https:\/\/faardit.org.ar\/web\/sociedades-afiliadas\/asociacion-de-radiologia-y-diagnosticos-por-imagenes-del-chubut\/\" target=\"_blank\" rel=\"noopener noreferrer\"><\/div> <\/div> <div class='toggle ' itemscope itemtype='http:\/\/schema.org\/Thing'><h4><a href=\"#tg69d66dc37a568\" class='toggle-title ' itemprop='name'  > <i class='ioa-front-icon  plus-2icon-'><\/i> San Juan<\/a><\/h4><div id='tg69d66dc37a568' itemprop='description' class='toggle-body collapse'> <\/a><a href=\"https:\/\/faardit.org.ar\/web\/sociedades-afiliadas\/asociacion-sanjuanina-diagnostico-imagenes\/\" target=\"_blank\" rel=\"noopener noreferrer\">Asociaci\u00f3n Sanjuanina de Diagn\u00f3stico por Im\u00e1genes<\/a><a href=\"https:\/\/faardit.org.ar\/web\/sociedades-afiliadas\/asociacion-de-radiologia-y-diagnosticos-por-imagenes-del-chubut\/\" target=\"_blank\" rel=\"noopener noreferrer\"><\/div> <\/div> <div class='toggle ' itemscope itemtype='http:\/\/schema.org\/Thing'><h4><a href=\"#tg69d66dc37a779\" class='toggle-title ' itemprop='name'  > <i class='ioa-front-icon  plus-2icon-'><\/i> Santa Fe<\/a><\/h4><div id='tg69d66dc37a779' itemprop='description' class='toggle-body collapse'> <\/a><a href=\"https:\/\/faardit.org.ar\/web\/sociedades-afiliadas\/diagnostico-imagenes-rosario\/\" target=\"_blank\" rel=\"noopener noreferrer\">Asociaci\u00f3n de Diagn\u00f3stico por Im\u00e1genes y Terapia Radiante de Rosario<\/a><a href=\"https:\/\/faardit.org.ar\/web\/sociedades-afiliadas\/asociacion-de-radiologia-y-diagnosticos-por-imagenes-del-chubut\/\" target=\"_blank\" rel=\"noopener noreferrer\"><\/div> <\/div> <div class='toggle ' itemscope itemtype='http:\/\/schema.org\/Thing'><h4><a href=\"#tg69d66dc37a985\" class='toggle-title ' itemprop='name'  > <i class='ioa-front-icon  plus-2icon-'><\/i> Santiago del Estero<\/a><\/h4><div id='tg69d66dc37a985' itemprop='description' class='toggle-body collapse'> <\/a><a href=\"https:\/\/faardit.org.ar\/web\/sociedades-afiliadas\/sociedad-radiologia-sgoestero\/\" target=\"_blank\" rel=\"noopener noreferrer\">Sociedad de Radiolog\u00eda, Diagn\u00f3stico por Im\u00e1genes y Radioterapia de Santiago del Estero<\/a><a href=\"https:\/\/faardit.org.ar\/web\/sociedades-afiliadas\/asociacion-de-radiologia-y-diagnosticos-por-imagenes-del-chubut\/\" target=\"_blank\" rel=\"noopener noreferrer\"><\/div> <\/div> <div class='toggle ' itemscope itemtype='http:\/\/schema.org\/Thing'><h4><a href=\"#tg69d66dc37abb8\" class='toggle-title ' itemprop='name'  > <i class='ioa-front-icon  plus-2icon-'><\/i> San Luis<\/a><\/h4><div id='tg69d66dc37abb8' itemprop='description' class='toggle-body collapse'>\n<p><a href=\"https:\/\/faardit.org.ar\/web\/asociacion-de-radiologia-y-diagnostico-por-imagenes-san-luis\/\" target=\"_blank\" rel=\"noopener noreferrer\">Asociaci\u00f3n de Radiolog\u00eda y Diagn\u00f3stico por Im\u00e1genes &#8211; San Luis<\/a><\/p>\n<\/div> <\/div> <div class='toggle ' itemscope itemtype='http:\/\/schema.org\/Thing'><h4><a href=\"#tg69d66dc37ade2\" class='toggle-title ' itemprop='name'  > <i class='ioa-front-icon  plus-2icon-'><\/i> Tierra del Fuego<\/a><\/h4><div id='tg69d66dc37ade2' itemprop='description' class='toggle-body collapse'> <\/a><a href=\"https:\/\/faardit.org.ar\/web\/sociedades-afiliadas\/amefraditdf\/\" target=\"_blank\" rel=\"noopener noreferrer\">Asociaci\u00f3n M\u00e9dica Fueguina de Radiolog\u00eda y Diagn\u00f3stico por Im\u00e1genes <\/a><a href=\"https:\/\/faardit.org.ar\/web\/sociedades-afiliadas\/asociacion-de-radiologia-y-diagnosticos-por-imagenes-del-chubut\/\" target=\"_blank\" rel=\"noopener noreferrer\"><\/div> <\/div> <div class='toggle ' itemscope itemtype='http:\/\/schema.org\/Thing'><h4><a href=\"#tg69d66dc37b00b\" class='toggle-title ' itemprop='name'  > <i class='ioa-front-icon  plus-2icon-'><\/i> Tucum\u00e1n<\/a><\/h4><div id='tg69d66dc37b00b' itemprop='description' class='toggle-body collapse'>\n<p><a href=\"https:\/\/faardit.org.ar\/web\/sociedades-afiliadas\/soturad\/\" target=\"_blank\" rel=\"noopener noreferrer\">Sociedad Tucumana de Radiolog\u00eda, Im\u00e1genes y Terapia Radiante<\/a><\/p>\n<\/div> <\/div>\n\t\t\n  \n\t\t<\/div>\n\n\t\n\t<\/div>\n<\/div>\n\n\t\t\n\t<\/div>\n\n\t\n<\/div>\n\n\t\t\t\n\t\n\t<\/div>\n\n\t\t\n\n\t\t<\/div>\n<\/div>\t\n\n\n","protected":false},"excerpt":{"rendered":"","protected":false},"author":1,"featured_media":0,"parent":0,"menu_order":0,"comment_status":"open","ping_status":"closed","template":"","meta":[],"_links":{"self":[{"href":"https:\/\/faardit.org.ar\/web\/wp-json\/wp\/v2\/pages\/240"}],"collection":[{"href":"https:\/\/faardit.org.ar\/web\/wp-json\/wp\/v2\/pages"}],"about":[{"href":"https:\/\/faardit.org.ar\/web\/wp-json\/wp\/v2\/types\/page"}],"author":[{"embeddable":true,"href":"https:\/\/faardit.org.ar\/web\/wp-json\/wp\/v2\/users\/1"}],"replies":[{"embeddable":true,"href":"https:\/\/faardit.org.ar\/web\/wp-json\/wp\/v2\/comments?post=240"}],"version-history":[{"count":30,"href":"https:\/\/faardit.org.ar\/web\/wp-json\/wp\/v2\/pages\/240\/revisions"}],"predecessor-version":[{"id":8341,"href":"https:\/\/faardit.org.ar\/web\/wp-json\/wp\/v2\/pages\/240\/revisions\/8341"}],"wp:attachment":[{"href":"https:\/\/faardit.org.ar\/web\/wp-json\/wp\/v2\/media?parent=240"}],"curies":[{"name":"wp","href":"https:\/\/api.w.org\/{rel}","templated":true}]}}