{"id":3893,"date":"2020-05-29T15:42:38","date_gmt":"2020-05-29T15:42:38","guid":{"rendered":"https:\/\/faardit.org.ar\/web\/?page_id=3893"},"modified":"2024-08-22T13:28:46","modified_gmt":"2024-08-22T13:28:46","slug":"sordim","status":"publish","type":"page","link":"https:\/\/faardit.org.ar\/web\/sociedades-afiliadas\/sordim\/","title":{"rendered":""},"content":{"rendered":"<p><div class=\"page-section  clearfix first-section\" style=\"z-index:1\" id='rpsVEXH3DR29W8TW3WSOJ4YUIBAX1IDV7SD' data-exheight='0' >\n\t\n\t<div class=\"section-inner-wrap\">\n\n\t\t\n\n\n\t\t\t\n\n\t<div class=\"skeleton section-content auto_align clearfix\" data-width=\"Contained\">\n\t\t\n\t\t\t\t\t\n<div class=\"rad-container  layout_element  one_fourth first  top   clearfix\" id=\"rpcEOA3MGMT03VQYN8SW1A0B85DQBG2TWAY\" data-layout=\"one_fourth\">\n\t\n\t \t\n\n\t<div class=\"rad-inner-container clearfix\">\n\t\n<div  data-key=\"rad_image_widget\"  id=\"rpwONENVASPBVQFGH6MY09AFT71QU6AJP5M\" class=\" w_full w_layout_element  top   rad-widget\">\n\t<div class=\"image-inner-wrap \">\n\t\t\t\t\n\t\t<div  class=' hover-item  image-align-none' itemscope itemprop='http:\/\/schema.org\/ImageObject'> <img src='https:\/\/faardit.org.ar\/web\/wp-content\/uploads\/2020\/06\/LOGO-SORDIM.png' itemprop='url' alt='' title='LOGO-SORDIM' \/>  <\/div>\t\t\t\t\t<\/div>\n<\/div>\n\t\t\n\t<\/div>\n\n\t\n<\/div>\n\n\t\t\n<div class=\"rad-container  layout_element  three_fourth last top   clearfix\" id=\"rpcBLS4ES7IJ4S3JF4X909OV40WT17WNJIO\" data-layout=\"three_fourth\">\n\t\n\t \t\n\n\t<div class=\"rad-inner-container clearfix\">\n\t\n<div  data-key=\"rad_intro_widget\"  id=\"rpwS2T2URYRUTY2CKEB9DCVGRQES1SJ0Y0L\" class=\" w_full w_layout_element  top   rad-widget\">\n\t<div class=\"col-left intro_title-inner-wrap\">\n\t\t\t\n\t\t<div class=\"intro_title-title-inner-wrap clearfix\"  itemscope itemtype=\"http:\/\/schema.org\/Thing\">\n\t\t\t\n\t\t\t\t\t\t\t\t<h2 itemprop=\"name\" class=\"clearfix custom-font\">Sociedad de Radiolog\u00eda y Diagn\u00f3stico por Im\u00e1genes de Misiones (SORDIM)<\/h2>\n\t\t\t\t\t\t\t\t\t\n\t\t<\/div>\t\n\n\t\t\n\t<\/div>\n<\/div>\n\n\t\t\n\t<\/div>\n\n\t\n<\/div>\n\n\t\t\t\n\t\n\t<\/div>\n\n\t\t\n\n\t\t<\/div>\n<\/div>\t\n\n<div class=\"page-section  clearfix last-section\" style=\"z-index:2\" id='rpsEOPX8NR9P20IT2PUEITT7G1PM0OJQ7EY' data-exheight='0' >\n\t\n\t<div class=\"section-inner-wrap\">\n\n\t\t\n\n\n\t\t\t\n\n\t<div class=\"skeleton section-content auto_align clearfix\" data-width=\"Contained\">\n\t\t\n\t\t\t\t\t\n<div class=\"rad-container  layout_element  one_half first  top   clearfix\" id=\"rpcG5RACUMGWAE0IGVEP3C8329P7CKAP4M3\" data-layout=\"one_half\">\n\t\n\t \t\n\n\t<div class=\"rad-inner-container clearfix\">\n\t \n\n\n<div  data-key=\"rad_text_widget\"  style='-webkit-transition-delay:0s;transition-delay:0s;' id=\"rpwY7LP2JWGSTMNMLHL0H1YWNMHR5B008O8\" class=\" w_full w_layout_element  top   rad-widget\">\n\t\n<div class='ioa-text-column none  col-align-left  clearfix'> \n      \n      <div class='ioa-text-area'>\n        <h3 class='text-title'>Domicilio<\/h3>\n        \n        \n        <div class='ioa-text clearfix'><span style=\"color: #000000;\">Bol\u00edvar 2377 &#8211; Posadas, Misiones<\/span><\/div>\n        \n      <\/div> \n     <\/div>\n<\/div> \n\n\n<div  data-key=\"rad_text_widget\"  style='-webkit-transition-delay:0s;transition-delay:0s;' id=\"rpwVAR72GX33P23IJAKUWD3TXNH9G7HSLHW\" class=\" w_full w_layout_element   rad-widget\">\n\t\n<div class='ioa-text-column none  col-align-left  clearfix'> \n      \n      <div class='ioa-text-area'>\n        <h3 class='text-title'>Correo electr\u00f3nico<\/h3>\n        \n        \n        <div class='ioa-text clearfix'><span style=\"color: #000000;\">sordi.misiones@gmail.com<\/span><\/div>\n        \n      <\/div> \n     <\/div>\n<\/div> \n\n\n<div  data-key=\"rad_text_widget\"  style='-webkit-transition-delay:0s;transition-delay:0s;' id=\"rpwV1W22OAUDI1OGK5O0UPVQYV4I5LFWL7G\" class=\" w_full w_layout_element   rad-widget\">\n\t\n<div class='ioa-text-column none  col-align-left  clearfix'> \n      \n      <div class='ioa-text-area'>\n        <h3 class='text-title'>Tel\u00e9fono<\/h3>\n        \n        \n        <div class='ioa-text clearfix'>\n<p><span style=\"color: #000000;\">+54 9 3764 39-2725<\/span><\/p>\n<\/div>\n        \n      <\/div> \n     <\/div>\n<\/div> \n\n\n<div  data-key=\"rad_text_widget\"  style='-webkit-transition-delay:0s;transition-delay:0s;' id=\"rpwL7IHQFUL0WUUAETCGRC9FT5CYTAKDAB6\" class=\" w_full w_layout_element   rad-widget\">\n\t\n<div class='ioa-text-column none  col-align-left  clearfix'> \n      \n      <div class='ioa-text-area'>\n        <h3 class='text-title'>Comisi\u00f3n Directiva<\/h3>\n        \n        \n        <div class='ioa-text clearfix'>\n<p><span style=\"color: #000000;\">Presidente: Mesta N\u00fa\u00f1ez Fabio Augusto.<\/span><\/p>\n<p><span style=\"color: #000000;\">Vicepresidente: Kallsten Diego<\/span><\/p>\n<p><span style=\"color: #000000;\">Secretaria: Ram\u00edrez Silvana<\/span><\/p>\n<p><span style=\"color: #000000;\">Pro-secretario: Gallero Agust\u00edn<\/span><\/p>\n<p><span style=\"color: #000000;\">Tesorero: Mango Anahi<\/span><\/p>\n<p><span style=\"color: #000000;\">Protesorero: Araujo Gonzalo<\/span><\/p>\n<p><span style=\"color: #000000;\">Vocales Titulares: Oprandi Juan Pablo \u2013 Salto Ver\u00f3nica \u2013 Mesta N\u00fa\u00f1ez Sebastian<\/span><\/p>\n<p><span style=\"color: #000000;\">Vocales Suplentes: Vivero Diego \u2013 Dom\u00ednguez Walter<\/span><\/p>\n<p><span style=\"color: #000000;\">Revisora de cuenta, titular: Ranalletti Maria Laura<\/span><\/p>\n<p><span style=\"color: #000000;\">Revisora de cuenta, suplente: Ralfici Maria Florencia<\/span><\/p>\n<\/div>\n        \n      <\/div> \n     <\/div>\n<\/div>\t\t\n\t<\/div>\n\n\t\n<\/div>\n\n\t\t\t\n\t\n\t<\/div>\n\n\t\t\n\n\t\t<\/div>\n<\/div>\t\n\n<\/p>\n","protected":false},"excerpt":{"rendered":"","protected":false},"author":1,"featured_media":0,"parent":240,"menu_order":0,"comment_status":"closed","ping_status":"closed","template":"","meta":[],"_links":{"self":[{"href":"https:\/\/faardit.org.ar\/web\/wp-json\/wp\/v2\/pages\/3893"}],"collection":[{"href":"https:\/\/faardit.org.ar\/web\/wp-json\/wp\/v2\/pages"}],"about":[{"href":"https:\/\/faardit.org.ar\/web\/wp-json\/wp\/v2\/types\/page"}],"author":[{"embeddable":true,"href":"https:\/\/faardit.org.ar\/web\/wp-json\/wp\/v2\/users\/1"}],"replies":[{"embeddable":true,"href":"https:\/\/faardit.org.ar\/web\/wp-json\/wp\/v2\/comments?post=3893"}],"version-history":[{"count":17,"href":"https:\/\/faardit.org.ar\/web\/wp-json\/wp\/v2\/pages\/3893\/revisions"}],"predecessor-version":[{"id":7287,"href":"https:\/\/faardit.org.ar\/web\/wp-json\/wp\/v2\/pages\/3893\/revisions\/7287"}],"up":[{"embeddable":true,"href":"https:\/\/faardit.org.ar\/web\/wp-json\/wp\/v2\/pages\/240"}],"wp:attachment":[{"href":"https:\/\/faardit.org.ar\/web\/wp-json\/wp\/v2\/media?parent=3893"}],"curies":[{"name":"wp","href":"https:\/\/api.w.org\/{rel}","templated":true}]}}