{"id":5426,"date":"2022-01-21T18:45:44","date_gmt":"2022-01-21T18:45:44","guid":{"rendered":"https:\/\/faardit.org.ar\/web\/?page_id=5426"},"modified":"2024-01-16T19:16:25","modified_gmt":"2024-01-16T19:16:25","slug":"profesores-dermatologia","status":"publish","type":"page","link":"https:\/\/faardit.org.ar\/web\/profesores-dermatologia\/","title":{"rendered":"Profesores &#8211; Dermatolog\u00eda"},"content":{"rendered":"<div class=\"page-section  clearfix first-section last-section\" style=\"z-index:1\" id='rpsOFJUYNQRVCR80MDBDPQHLXWT1E2EUOYS' data-exheight='0' >\n\t\n\t<div class=\"section-inner-wrap\">\n\n\t\t\n\n\n\t\t\t\n\n\t<div class=\"skeleton section-content auto_align clearfix\" data-width=\"Contained\">\n\t\t\n\t\t\t\t\t\n<div class=\"rad-container  layout_element  full last first  top   clearfix\" id=\"rpcKNJC2PP08Y0VLQFT48JHMRDN3NQQIM8X\" data-layout=\"full\">\n\t\n\t \t\n\n\t<div class=\"rad-inner-container clearfix\">\n\t \n\n\n<div  data-key=\"rad_text_widget\"  style='-webkit-transition-delay:0s;transition-delay:0s;' id=\"rpwMI7TWURAEIMXWF9Y0ULBCURXL72MPB98\" class=\" w_full w_layout_element  top  widget-animate widget-animate-fade-top  rad-widget\">\n\t\n<div class='ioa-text-column centered  col-align-center  clearfix'> \n      <div class='ioa-icon-area' style='margin-top:0'> <img src='https:\/\/faardit.org.ar\/web\/wp-content\/uploads\/2024\/01\/Dermatologia-Ene24@2x.png' alt='text icon'\/>  <\/div>\n      <div class='ioa-text-area'>\n        <h3 class='text-title'>Dermatolog\u00eda<\/h3>\n        \n        \n        \n        \n      <\/div> \n     <\/div>\n<\/div>\n<div  data-key=\"rad_divider_widget\"  id=\"rpwLPP1U2GODP0OYI7C3UNVQGT2E4L0P446\" class=\" w_full w_layout_element   rad-widget\" style=\"padding:\">\n\t<div class=\"divider line\"  >\n\t\t\t\t\t\t\t\t\t<\/div>\n<\/div>\n\n\t\t\n\t<\/div>\n\n\t\n<\/div>\n\n\t\t\n<div class=\"rad-container  layout_element  one_third first   clearfix\" id=\"rpcXUXJXN5E7O3J9EH40CVP4OR5XH064GA8\" data-layout=\"one_third\">\n\t<span class=\"vline\" style='-webkit-transition-delay:350ms;transition-delay:350ms;'><\/span>\n\t \t\n\n\t<div class=\"rad-inner-container clearfix\">\n\t \n\n\n<div  data-key=\"rad_text_widget\"  style='-webkit-transition-delay:0s;transition-delay:0s;' id=\"rpwB4GG1BD0HIXW8LGG09NJOXXROWJBUKRS\" class=\" w_full w_layout_element  top   rad-widget\">\n\t\n<div class='ioa-text-column none  col-align-left  clearfix'> \n      \n      <div class='ioa-text-area'>\n        <h3 class='text-title'>Dr. Mario Pelizzari<\/h3>\n        \n        \n        \n        \n      <\/div> \n     <\/div>\n<\/div>\n<div  data-key=\"rad_image_widget\"  id=\"rpwLU8M4WBWVX8LQ9AD5OCTFN46XRCO59KE\" class=\" w_full w_layout_element   rad-widget\">\n\t<div class=\"image-inner-wrap image-stretched \">\n\t\t\t\t\n\t\t<div  class=' hover-item  image-align-none' itemscope itemprop='http:\/\/schema.org\/ImageObject'>   <img itemprop='image'   alt=\"\" title=\"MarioPelizzari\"  class='' src='https:\/\/faardit.org.ar\/web\/wp-content\/uploads\/2021\/08\/MarioPelizzari-333x333.jpg'     \/>  <\/div>\t\t\t\t\t<\/div>\n<\/div>\n\t\t\n\t<\/div>\n\n\t\n<\/div>\n\n\t\t\n<div class=\"rad-container  layout_element  two_third last  clearfix\" id=\"rpcGID5FVWFV6F8RB9T6WDMBB5JLREMHBVC\" data-layout=\"two_third\">\n\t<span class=\"vline\" style='-webkit-transition-delay:700ms;transition-delay:700ms;'><\/span>\n\t \t\n\n\t<div class=\"rad-inner-container clearfix\">\n\t \n\n\n<div  data-key=\"rad_text_widget\"  style='-webkit-transition-delay:0s;transition-delay:0s;' id=\"rpwJB4W271SL0NCQ1AAA803ICATC1K07OMO\" class=\" w_full w_layout_element  top   rad-widget\">\n\t\n<div class='ioa-text-column none  col-align-left  clearfix'> \n      \n      <div class='ioa-text-area'>\n        <h3 class='text-title'> <\/h3>\n        \n        \n        \n        \n      <\/div> \n     <\/div>\n<\/div> \n\n\n<div  data-key=\"rad_text_widget\"  style='-webkit-transition-delay:0s;transition-delay:0s;' id=\"rpwAKO6V7X59J6XLF835X8VTATKNFFOM86O\" class=\" w_full w_layout_element   rad-widget\">\n\t\n<div class='ioa-text-column none  col-align-left  clearfix'> \n      \n      <div class='ioa-text-area'>\n        <h3 class='text-title'> <\/h3>\n        \n        \n        \n        \n      <\/div> \n     <\/div>\n<\/div>\n<div  data-key=\"rad_toggle_widget\"  id=\"rpwST25P0VY9NJAM2JYHN2JOMIA6OAXQ24J\" class=\" w_full w_layout_element   rad-widget\">\n\n\t<div class=\"toggle-inner-wrap\">\n\t\t\n\n\t\t<div class=\" clearfix toggle-style-simple\" itemscope itemtype=\"http:\/\/schema.org\/ItemList\">\n  \t\t\n\t\t\n\t\t <div class='toggle ' itemscope itemtype='http:\/\/schema.org\/Thing'><h4><a href=\"#tg69e52012502bf\" class='toggle-title ' itemprop='name'  > <i class='ioa-front-icon  plus-2icon-'><\/i> BREVE BIO<\/a><\/h4><div id='tg69e52012502bf' itemprop='description' class='toggle-body collapse'>\n<p><span style=\"color: #000000;\">\u2022 Centro Privado de Tomograf\u00eda Computada C\u00f3rdoba, Instituto Oulton. Jefe de servicio departamento de Imagenolog\u00eda Pedi\u00e1trica y Materno fetal.<\/span><\/p>\n<p><span style=\"color: #000000;\">\u2022 Cl\u00ednica Universitaria Reina Fabiola. Jefe de servicio departamento de Imagenolog\u00eda Pedi\u00e1trica y Materno fetal.<\/span><\/p>\n<p><span style=\"color: #000000;\">\u2022 Cl\u00ednica Maternidad del Sol. Jefe de servicio departamento de Imagenolog\u00eda Pedi\u00e1trica y Materno fetal.<\/span><\/p>\n<h5 style=\"text-align: left;\"><a href=\"https:\/\/faardit.org.ar\/web\/wp-content\/uploads\/2021\/08\/MarioPelizzariCVFaardit.pdf\"><strong>DESCARGAR CV<\/strong><\/a><\/h5>\n<\/div> <\/div> <div class='toggle ' itemscope itemtype='http:\/\/schema.org\/Thing'><h4><a href=\"#tg69e520125087a\" class='toggle-title ' itemprop='name'  > <i class='ioa-front-icon  plus-2icon-'><\/i> CLASES<\/a><\/h4><div id='tg69e520125087a' itemprop='description' class='toggle-body collapse'>\n<p><span style=\"color: #000000;\">Urgencias abdominales del feto al lactante<\/span><\/p>\n<p><span style=\"color: #000000;\">Urgencias abdominales del reci\u00e9n nacido y lactante<\/span><\/p>\n<p><span style=\"color: #000000;\">Urgencias abdominales del ni\u00f1o<\/span><\/p>\n<p><span style=\"color: #000000;\">Estudio de la pared intestinal en Pediatr\u00eda<\/span><\/p>\n<p><span style=\"color: #000000;\">Hidrosonograf\u00eda Col\u00f3nica en Pediatr\u00eda<\/span><\/p>\n<p><span style=\"color: #000000;\">Invaginaci\u00f3n intestinal en im\u00e1genes<\/span><\/p>\n<p><span style=\"color: #000000;\">El ap\u00e9ndice en im\u00e1genes<\/span><\/p>\n<p><span style=\"color: #000000;\">El bazo en im\u00e1genes<\/span><\/p>\n<p><span style=\"color: #000000;\">Quistes abdominales pedi\u00e1tricos en im\u00e1genes<\/span><\/p>\n<p><span style=\"color: #000000;\">Patolog\u00eda escrotal en pediatr\u00eda<\/span><\/p>\n<p><span style=\"color: #000000;\">Urgencias pelvianas de la ni\u00f1a y la adolescente<\/span><\/p>\n<p><span style=\"color: #000000;\">Urgencias urol\u00f3gicas en pediatr\u00eda<\/span><\/p>\n<p><span style=\"color: #000000;\">Estudios en la infecci\u00f3n urinaria pedi\u00e1trica<\/span><\/p>\n<p><span style=\"color: #000000;\">Estudios contrastados pedi\u00e1tricos<\/span><\/p>\n<p><span style=\"color: #000000;\">Patolog\u00eda cervical en pediatr\u00eda<\/span><\/p>\n<p><span style=\"color: #000000;\">Ecograf\u00eda dermatol\u00f3gica en pediatr\u00eda<\/span><\/p>\n<p><span style=\"color: #000000;\">Tips en ecograf\u00eda dermatol\u00f3gica en pediatr\u00eda<\/span><\/p>\n<p><span style=\"color: #000000;\">Ecograf\u00eda en lesiones qu\u00edsticas de la piel en paciente pedi\u00e1trico<\/span><\/p>\n<p><span style=\"color: #000000;\">Pilomatrixoma pedi\u00e1trico en im\u00e1genes<\/span><\/p>\n<p><span style=\"color: #000000;\">Tumoraciones faciales infantiles de piel en<\/span><br \/><span style=\"color: #000000;\">im\u00e1genes<\/span><\/p>\n<p><span style=\"color: #000000;\">Anomal\u00edas vasculares superficiales en im\u00e1genes<\/span><\/p>\n<p><span style=\"color: #000000;\">Malformaciones cerebrales del feto al reci\u00e9n nacido<\/span><\/p>\n<p><span style=\"color: #000000;\">Ecograf\u00eda y Doppler del Sistema Nervioso Central<\/span><\/p>\n<p><span style=\"color: #000000;\">Ecograf\u00eda ocular en pediatr\u00eda con ec\u00f3grafo polivalente<\/span><\/p>\n<p><span style=\"color: #000000;\">Suprarrenales del Feto al Ni\u00f1o<\/span><\/p>\n<p><span style=\"color: #000000;\">Nefropat\u00edas del Feto al Ni\u00f1o<\/span><\/p>\n<p><span style=\"color: #000000;\">Uropat\u00edas del Feto al Ni\u00f1o<\/span><\/p>\n<p><span style=\"color: #000000;\">Megavejiga del Feto al ni\u00f1o<\/span><\/p>\n<p><span style=\"color: #000000;\">Casos desafiantes<\/span><\/p>\n<\/div> <\/div>\n\t\t\n  \n\t\t<\/div>\n\n\t\n\t<\/div>\n<\/div>\n\n\t\t\n\t<\/div>\n\n\t\n<\/div>\n\n\t\t\t\n\t\n\t<\/div>\n\n\t\t\n\n\t\t<\/div>\n<\/div>\t\n\n\n","protected":false},"excerpt":{"rendered":"","protected":false},"author":1,"featured_media":0,"parent":0,"menu_order":0,"comment_status":"closed","ping_status":"closed","template":"","meta":[],"_links":{"self":[{"href":"https:\/\/faardit.org.ar\/web\/wp-json\/wp\/v2\/pages\/5426"}],"collection":[{"href":"https:\/\/faardit.org.ar\/web\/wp-json\/wp\/v2\/pages"}],"about":[{"href":"https:\/\/faardit.org.ar\/web\/wp-json\/wp\/v2\/types\/page"}],"author":[{"embeddable":true,"href":"https:\/\/faardit.org.ar\/web\/wp-json\/wp\/v2\/users\/1"}],"replies":[{"embeddable":true,"href":"https:\/\/faardit.org.ar\/web\/wp-json\/wp\/v2\/comments?post=5426"}],"version-history":[{"count":4,"href":"https:\/\/faardit.org.ar\/web\/wp-json\/wp\/v2\/pages\/5426\/revisions"}],"predecessor-version":[{"id":6765,"href":"https:\/\/faardit.org.ar\/web\/wp-json\/wp\/v2\/pages\/5426\/revisions\/6765"}],"wp:attachment":[{"href":"https:\/\/faardit.org.ar\/web\/wp-json\/wp\/v2\/media?parent=5426"}],"curies":[{"name":"wp","href":"https:\/\/api.w.org\/{rel}","templated":true}]}}