{"id":6238,"date":"2023-05-12T16:37:36","date_gmt":"2023-05-12T16:37:36","guid":{"rendered":"https:\/\/faardit.org.ar\/web\/?page_id=6238"},"modified":"2024-05-09T12:46:01","modified_gmt":"2024-05-09T12:46:01","slug":"anra","status":"publish","type":"page","link":"https:\/\/faardit.org.ar\/web\/anra\/","title":{"rendered":"ANRA &#8211; Agrupaci\u00f3n de NeuroRadiolog\u00eda Argentina"},"content":{"rendered":"<div class=\"page-section  clearfix first-section last-section\" style=\"z-index:1\" id='rpsBUHFTLLQ3YHLKJURYWRSAF5PQVR0CPPK' data-exheight='0' >\n\t\n\t<div class=\"section-inner-wrap\">\n\n\t\t\n\n\n\t\t\t\n\n\t<div class=\"skeleton section-content auto_align clearfix\" data-width=\"Contained\">\n\t\t\n\t\t\t\t\t\n<div class=\"rad-container  layout_element  two_third first  top   clearfix\" id=\"rpcU7CTJWG5C8I69RWD10AQVFH5YUKX83Q1\" data-layout=\"two_third\">\n\t\n\t \t\n\n\t<div class=\"rad-inner-container clearfix\">\n\t \n\n\n<div  data-key=\"rad_text_widget\"  style='-webkit-transition-delay:0s;transition-delay:0s;' id=\"rpwO7XRB5T7B20RR53K7O4B3HK4TNK19C3F\" class=\" w_full w_layout_element  top   rad-widget\">\n\t\n<div class='ioa-text-column none  col-align-left  clearfix'> \n      \n      <div class='ioa-text-area'>\n        <h3 class='text-title'> Te invitamos a ser parte<\/h3>\n        \n        \n        <div class='ioa-text clearfix'>\n<p><span style=\"color: #000000;\">A fines del 2022 se iniciaron encuentros virtuales mensuales de neurorradiolog\u00eda con representantes de numerosas provincias de nuestro pa\u00eds compartiendo experiencias educativas, casos complejos y resoluci\u00f3n de problemas diagn\u00f3sticos con amplia participaci\u00f3n de especialistas y m\u00e9dicos en formaci\u00f3n.<\/span><\/p>\n<p><span style=\"color: #000000;\">Esta actividad denominada <em>Ateneos de Neuroradiolog\u00eda Argentina<\/em> contin\u00faa hasta el d\u00eda de hoy, con m\u00e1s de 15 provincias representadas y la intervenci\u00f3n de tres ciudades diferentes en cada entrega mensual.<\/span><\/p>\n<p><span style=\"color: #000000;\">En el corriente a\u00f1o surgi\u00f3 la idea de constituir una agrupaci\u00f3n que re\u00fana a los neurorradi\u00f3logos locales y ofrezca otros servicios y beneficios a sus miembros como organizar ateneos, cursos, confeccionar gu\u00edas, desarrollar m\u00f3dulos, etc.<\/span><br \/><span style=\"color: #000000;\">De esa manera nace <strong>ANRA, la Agrupaci\u00f3n de NeuroRadiolog\u00eda Argentina<\/strong> que representar\u00e1 a la FAARDIT en todo aquello relacionado con la especialidad y sus diferentes \u00e1reas:<\/span><br \/><span style=\"color: #000000;\">neurointervencionismo, neuropediatr\u00eda, cabeza y cuello, columna, tumores, desmielinizantes, infecciones, trauma, vascular, inteligencia artificial y docencia aplicada a neurorradiolog\u00eda.<\/span><\/p>\n<p><span style=\"color: #000000;\">La Agrupaci\u00f3n est\u00e1 dirigida a neuro radi\u00f3logos, m\u00e9dicos en formaci\u00f3n y profesionales afines miembros de FAARDIT que soliciten unirse y su suscripci\u00f3n es sin cargo.<\/span><\/p>\n<\/div>\n        \n      <\/div> \n     <\/div>\n<\/div>\t\t\n\t<\/div>\n\n\t\n<\/div>\n\n\t\t\n<div class=\"rad-container  layout_element  one_third last top   clearfix\" id=\"rpcH193UFG4SK3UXJA7GITD6BX6M3NR6B77\" data-layout=\"one_third\">\n\t\n\t \t\n\n\t<div class=\"rad-inner-container clearfix\">\n\t\n<div  data-key=\"rad_image_widget\"  id=\"rpwSWFHMBF8GLECD2UITH7U8MOIX079GPO8\" class=\" w_full w_layout_element  top   rad-widget\">\n\t<div class=\"image-inner-wrap image-stretched \">\n\t\t\t\t\n\t\t<div  class=' hover-item  image-align-none' itemscope itemprop='http:\/\/schema.org\/ImageObject'> <img src='https:\/\/faardit.org.ar\/web\/wp-content\/uploads\/2024\/04\/ANRA-Logo-Color.png' itemprop='url' alt='' title='ANRA - Logo Color' \/>  <\/div>\t\t\t\t\t<\/div>\n<\/div>\n\t\t\n\t<\/div>\n\n\t\n<\/div>\n\n\t\t\n<div class=\"rad-container  layout_element  one_third first   clearfix\" id=\"rpcGK4CLWH9E1WVUWDS184OGJ0POYBBDYXJ\" data-layout=\"one_third\">\n\t<span class=\"vline\" style='-webkit-transition-delay:350ms;transition-delay:350ms;'><\/span>\n\t \t\n\n\t<div class=\"rad-inner-container clearfix\">\n\t\n<div  data-key=\"rad_button_widget\"  id=\"rpwVXVI9C6EIBIKUDGHRXD6A26CR21PKCOG\" class=\" button-align-center  w_full w_layout_element  top   clearfix rad-widget rad-button-widget \">\n\t<a   href=\"https:\/\/bayer.zoom.us\/j\/95320500044\" target='_BLANK' class=\" ioa-button style-default size-block\">\n\t\t\t\t\t\t<span>ACCESO DIRECTO A ZOOM DE ATENEOS<\/span>\n\t<\/a>\n<\/div>\n\n\t\t\n\t<\/div>\n\n\t\n<\/div>\n\n\t\t\n<div class=\"rad-container  layout_element  one_third  clearfix\" id=\"rpcJR1UT2PFRTX9TP238E16W52X8KXAQPOD\" data-layout=\"one_third\">\n\t<span class=\"vline\" style='-webkit-transition-delay:350ms;transition-delay:350ms;'><\/span>\n\t \t\n\n\t<div class=\"rad-inner-container clearfix\">\n\t\n<div  data-key=\"rad_button_widget\"  id=\"rpwVMP87B2S57FWCPKXMPD7K02GJC55BY8G\" class=\" button-align-center  w_full w_layout_element  top   clearfix rad-widget rad-button-widget \">\n\t<a   href=\"https:\/\/forms.gle\/peW1ze6Re2W5PhMu9\" target='_BLANK' class=\" ioa-button style-default size-block\">\n\t\t\t\t\t\t<span>FORMULARIO DE INSCRIPCI\u00d3N<\/span>\n\t<\/a>\n<\/div>\n\n\t\t\n\t<\/div>\n\n\t\n<\/div>\n\n\t\t\n<div class=\"rad-container  layout_element  one_third last  clearfix\" id=\"rpcG8EQPN8OP3PVIO8ARF4LAQ58XS2YYTVM\" data-layout=\"one_third\">\n\t<span class=\"vline\" style='-webkit-transition-delay:700ms;transition-delay:700ms;'><\/span>\n\t \t\n\n\t<div class=\"rad-inner-container clearfix\">\n\t\n<div  data-key=\"rad_button_widget\"  id=\"rpwVYNGEPA224M3FYC8AY0CO4A1LC5G8PPC\" class=\" button-align-center  w_full w_layout_element  top   clearfix rad-widget rad-button-widget \">\n\t<a   href=\"https:\/\/faardit.org.ar\/web\/wp-content\/uploads\/2024\/05\/ESTATUTO-ANRA.pdf\" target='_BLANK' class=\" ioa-button style-default size-block\">\n\t\t\t\t\t\t<span>ACCED\u00c9 AL ESTATUTO<\/span>\n\t<\/a>\n<\/div>\n\n\t\t\n\t<\/div>\n\n\t\n<\/div>\n\n\t\t\n<div class=\"rad-container  layout_element  full last first   clearfix\" id=\"rpcYP5UK13RSAVF66C4FIBHW542D5JXE78S\" data-layout=\"full\">\n\t<span class=\"vline\" style='-webkit-transition-delay:1050ms;transition-delay:1050ms;'><\/span>\n\t \t\n\n\t<div class=\"rad-inner-container clearfix\">\n\t \n\n\n<div  data-key=\"rad_text_widget\"  style='-webkit-transition-delay:0s;transition-delay:0s;' id=\"rpwUX560M9CQAP3RRHLHIKIPBRI6TOTCB5J\" class=\" w_full w_layout_element  top   rad-widget\">\n\t\n<div class='ioa-text-column none  col-align-center  clearfix'> \n      \n      <div class='ioa-text-area'>\n        <h3 class='text-title'>Autoridades<\/h3>\n        \n        \n        \n        \n      <\/div> \n     <\/div>\n<\/div> \n\n\n<div  data-key=\"rad_text_widget\"  style='-webkit-transition-delay:0s;transition-delay:0s;' id=\"rpwSKKNY9F70RYO714IATORDBKXG3Y5RJ98\" class=\" w_full w_layout_element   rad-widget\">\n\t\n<div class='ioa-text-column none  col-align-left  clearfix'> \n      \n      <div class='ioa-text-area'>\n        <h3 class='text-title'> <\/h3>\n        \n        \n        <div class='ioa-text clearfix'>\n<p style=\"text-align: center;\"><span style=\"color: #000000;\"><strong>PRESIDENTE<\/strong><\/span><\/p>\n<p style=\"text-align: center;\"><span style=\"color: #000000;\">Dr Sergio Moguillansky<\/span><\/p>\n<p style=\"text-align: center;\"><span style=\"color: #000000;\"><strong>DIRECTORES<\/strong><\/span><\/p>\n<p style=\"text-align: center;\"><span style=\"color: #000000;\">Dra. Adriana Ojeda <\/span><\/p>\n<p style=\"text-align: center;\"><span style=\"color: #000000;\">Dr. Alberto Surur <\/span><\/p>\n<p style=\"text-align: center;\"><span style=\"color: #000000;\">Dr. Sebastian Costantino <\/span><\/p>\n<p style=\"text-align: center;\">\u00a0<\/p>\n<\/div>\n        \n      <\/div> \n     <\/div>\n<\/div>\t\t\n\t<\/div>\n\n\t\n<\/div>\n\n\t\t\n<div class=\"rad-container  layout_element  full last first   clearfix\" id=\"rpcKOCI9R0TK0YHGF7GU0972GCXKGMBCXC1\" data-layout=\"full\">\n\t<span class=\"vline\" style='-webkit-transition-delay:1400ms;transition-delay:1400ms;'><\/span>\n\t \t\n\n\t<div class=\"rad-inner-container clearfix\">\n\t \n\n\n<div  data-key=\"rad_text_widget\"  style='-webkit-transition-delay:0s;transition-delay:0s;' id=\"rpwR90WCCDS7N2NCO1HJJAX7NRSYE7X9IUX\" class=\" w_full w_layout_element  top   rad-widget\">\n\t\n<div class='ioa-text-column none  col-align-left  clearfix'> \n      \n      <div class='ioa-text-area'>\n        <h3 class='text-title'> <\/h3>\n        <h5 class='text-subtitle'>Ateneos anteriores<\/h5>\n        \n        \n        \n      <\/div> \n     <\/div>\n<\/div>\n<div  data-key=\"rad_toggle_widget\"  id=\"rpwWCWEJJURPCSF6LM9U2AJI24G76C2RFK0\" class=\" w_full w_layout_element   rad-widget\">\n\n\t<div class=\"toggle-inner-wrap\">\n\t\t\n\n\t\t<div class=\" clearfix toggle-style-simple\" itemscope itemtype=\"http:\/\/schema.org\/ItemList\">\n  \t\t\n\t\t\n\t\t <div class='toggle ' itemscope itemtype='http:\/\/schema.org\/Thing'><h4><a href=\"#tg69d022482c371\" class='toggle-title ' itemprop='name'  > <i class='ioa-front-icon  plus-2icon-'><\/i> 4\u00b0 encuentro<\/a><\/h4><div id='tg69d022482c371' itemprop='description' class='toggle-body collapse'>\n<p><iframe title=\"4\u00b0 Encuentro de Ateneos de Neuroradiolog\u00eda Argentina\" width=\"500\" height=\"281\" src=\"https:\/\/www.youtube.com\/embed\/v-AZH0xJk_c?feature=oembed\" frameborder=\"0\" allow=\"accelerometer; autoplay; clipboard-write; encrypted-media; gyroscope; picture-in-picture; web-share\" referrerpolicy=\"strict-origin-when-cross-origin\" allowfullscreen><\/iframe><\/p>\n<\/div> <\/div> <div class='toggle ' itemscope itemtype='http:\/\/schema.org\/Thing'><h4><a href=\"#tg69d022482c4f1\" class='toggle-title ' itemprop='name'  > <i class='ioa-front-icon  plus-2icon-'><\/i> 3\u00b0 encuentro<\/a><\/h4><div id='tg69d022482c4f1' itemprop='description' class='toggle-body collapse'>\n<p><iframe title=\"3\u00b0 Encuentro de Ateneos de Neuroradiolog\u00eda Argentina\" width=\"500\" height=\"281\" src=\"https:\/\/www.youtube.com\/embed\/doGa1RlBMzQ?feature=oembed\" frameborder=\"0\" allow=\"accelerometer; autoplay; clipboard-write; encrypted-media; gyroscope; picture-in-picture; web-share\" referrerpolicy=\"strict-origin-when-cross-origin\" allowfullscreen><\/iframe><\/p>\n<\/div> <\/div> <div class='toggle ' itemscope itemtype='http:\/\/schema.org\/Thing'><h4><a href=\"#tg69d022482c67b\" class='toggle-title ' itemprop='name'  > <i class='ioa-front-icon  plus-2icon-'><\/i> 2\u00b0 encuentro<\/a><\/h4><div id='tg69d022482c67b' itemprop='description' class='toggle-body collapse'>\n<p><iframe title=\"2\u00b0 Encuentro de Ateneos de Neuroradiolog\u00eda Argentina\" width=\"500\" height=\"281\" src=\"https:\/\/www.youtube.com\/embed\/qf6dGO1CpLo?feature=oembed\" frameborder=\"0\" allow=\"accelerometer; autoplay; clipboard-write; encrypted-media; gyroscope; picture-in-picture; web-share\" referrerpolicy=\"strict-origin-when-cross-origin\" allowfullscreen><\/iframe><\/p>\n<\/div> <\/div> <div class='toggle ' itemscope itemtype='http:\/\/schema.org\/Thing'><h4><a href=\"#tg69d022482c7dd\" class='toggle-title ' itemprop='name'  > <i class='ioa-front-icon  plus-2icon-'><\/i> 1\u00b0 encuentro<\/a><\/h4><div id='tg69d022482c7dd' itemprop='description' class='toggle-body collapse'>\n<p><iframe title=\"1\u00b0 Encuentro de Ateneos de Neuroradiolog\u00eda Argentina\" width=\"500\" height=\"281\" src=\"https:\/\/www.youtube.com\/embed\/mf0lFZESQxQ?feature=oembed\" frameborder=\"0\" allow=\"accelerometer; autoplay; clipboard-write; encrypted-media; gyroscope; picture-in-picture; web-share\" referrerpolicy=\"strict-origin-when-cross-origin\" allowfullscreen><\/iframe><\/p>\n<\/div> <\/div>\n\t\t\n  \n\t\t<\/div>\n\n\t\n\t<\/div>\n<\/div>\n\n\t\t\n\t<\/div>\n\n\t\n<\/div>\n\n\t\t\t\n\t\n\t<\/div>\n\n\t\t\n\n\t\t<\/div>\n<\/div>\t\n\n\n","protected":false},"excerpt":{"rendered":"","protected":false},"author":1,"featured_media":0,"parent":0,"menu_order":0,"comment_status":"closed","ping_status":"closed","template":"","meta":[],"_links":{"self":[{"href":"https:\/\/faardit.org.ar\/web\/wp-json\/wp\/v2\/pages\/6238"}],"collection":[{"href":"https:\/\/faardit.org.ar\/web\/wp-json\/wp\/v2\/pages"}],"about":[{"href":"https:\/\/faardit.org.ar\/web\/wp-json\/wp\/v2\/types\/page"}],"author":[{"embeddable":true,"href":"https:\/\/faardit.org.ar\/web\/wp-json\/wp\/v2\/users\/1"}],"replies":[{"embeddable":true,"href":"https:\/\/faardit.org.ar\/web\/wp-json\/wp\/v2\/comments?post=6238"}],"version-history":[{"count":13,"href":"https:\/\/faardit.org.ar\/web\/wp-json\/wp\/v2\/pages\/6238\/revisions"}],"predecessor-version":[{"id":7036,"href":"https:\/\/faardit.org.ar\/web\/wp-json\/wp\/v2\/pages\/6238\/revisions\/7036"}],"wp:attachment":[{"href":"https:\/\/faardit.org.ar\/web\/wp-json\/wp\/v2\/media?parent=6238"}],"curies":[{"name":"wp","href":"https:\/\/api.w.org\/{rel}","templated":true}]}}