{"id":6646,"date":"2023-12-20T16:08:07","date_gmt":"2023-12-20T16:08:07","guid":{"rendered":"https:\/\/faardit.org.ar\/web\/?page_id=6646"},"modified":"2025-02-26T14:15:30","modified_gmt":"2025-02-26T14:15:30","slug":"articulos-seram","status":"publish","type":"page","link":"https:\/\/faardit.org.ar\/web\/articulos-seram\/","title":{"rendered":"Art\u00edculos SERAM"},"content":{"rendered":"<p><div class=\"page-section  clearfix first-section\" style=\"z-index:1\" id='rpsCBWXDR4B90OQ52GIJP6OP5KMM7UUROF6' data-exheight='0' >\n\t\n\t<div class=\"section-inner-wrap\">\n\n\t\t\n\n\n\t\t\t\n\n\t<div class=\"skeleton section-content auto_align clearfix\" data-width=\"Contained\">\n\t\t\n\t\t\t\t\t\n<div class=\"rad-container  layout_element  full last first  top   clearfix\" id=\"rpcG9XBGQ84EXKDXJ5ICN89BL2BJCP9G6L0\" data-layout=\"full\">\n\t\n\t \t\n\n\t<div class=\"rad-inner-container clearfix\">\n\t \n\n\n<div  data-key=\"rad_text_widget\"  style='-webkit-transition-delay:0s;transition-delay:0s;' id=\"rpwFN7SW4CT7K0EE57H9S6878UL703MTEOC\" class=\" w_full w_layout_element  top   rad-widget\">\n\t\n<div class='ioa-text-column none  col-align-left  clearfix'> \n      \n      <div class='ioa-text-area'>\n        <h3 class='text-title'> <\/h3>\n        \n        \n        <div class='ioa-text clearfix'>\n<h3 style=\"text-align: center;\"><em><strong>La Sociedad Espa\u00f1ola de Radiolog\u00eda M\u00e9dica, nos ha proporcionado art\u00edculos provenientes de su revista cient\u00edfica. Aqu\u00ed compartimos sus contenidos<\/strong><\/em><\/h3>\n<\/div>\n        \n      <\/div> \n     <\/div>\n<\/div>\t\t\n\t<\/div>\n\n\t\n<\/div>\n\n\t\t\t\n\t\n\t<\/div>\n\n\t\t\n\n\t\t<\/div>\n<\/div>\t\n\n<div class=\"page-section  clearfix last-section\" style=\"z-index:2\" id='rpsXH96VU4N4KW28NIM6YMA1HLNWKKF95MA' data-exheight='0' >\n\t\n\t<div class=\"section-inner-wrap\">\n\n\t\t\n\n\n\t\t\t\n\n\t<div class=\"skeleton section-content auto_align clearfix\" data-width=\"Contained\">\n\t\t\n\t\t\t\t\t\n<div class=\"rad-container  layout_element  full last first  top   clearfix\" id=\"rpcSLAG4YU97IK1X02VRMXAPYESQAMIA2E7\" data-layout=\"full\">\n\t\n\t \t\n\n\t<div class=\"rad-inner-container clearfix\">\n\t \n\n\n<div  data-key=\"rad_text_widget\"  style='-webkit-transition-delay:0s;transition-delay:0s;' id=\"rpwH840O1OE3S5YDCL0WEKB408CEJ4VGBL4\" class=\" w_full w_layout_element  top   rad-widget\">\n\t\n<div class='ioa-text-column none  col-align-left  clearfix'> \n      \n      <div class='ioa-text-area'>\n        <h3 class='text-title'>Seguridad en RM<\/h3>\n        \n        \n        <div class='ioa-text clearfix'>\n<p><strong><a href=\"https:\/\/drive.google.com\/file\/d\/1V8pQn7lrdy3Hb_XMwpevP2mR_vilRizC\/view?usp=sharing\">Espa\u00f1ol<\/a> | <a href=\"https:\/\/drive.google.com\/file\/d\/1UmFH6y2ktCKHVSV7Qmbj9rilS9oHgbJc\/view?usp=sharing\">Ingl\u00e9s<\/a><\/strong><\/p>\n<\/div>\n        \n      <\/div> \n     <\/div>\n<\/div> \n\n\n<div  data-key=\"rad_text_widget\"  style='-webkit-transition-delay:0s;transition-delay:0s;' id=\"rpwOTVUL5ER9E0W4AOEG09LWPK4AGENEV2J\" class=\" w_full w_layout_element   rad-widget\">\n\t\n<div class='ioa-text-column none  col-align-left  clearfix'> \n      \n      <div class='ioa-text-area'>\n        <h3 class='text-title'>T\u00e9cnicas de derivaci\u00f3n<\/h3>\n        \n        \n        <div class='ioa-text clearfix'>\n<p><strong><a href=\"https:\/\/drive.google.com\/file\/d\/1A5fEnfj9GSYkOhQsdnm-cePOWNMMyF0e\/view?usp=sharing\">Espa\u00f1ol<\/a> | <a href=\"https:\/\/drive.google.com\/file\/d\/1Riz3QW-xwqy9QlLr4UCVwHUKWEd3Irqe\/view?usp=sharing\">Ingl\u00e9s<\/a><\/strong><\/p>\n<\/div>\n        \n      <\/div> \n     <\/div>\n<\/div> \n\n\n<div  data-key=\"rad_text_widget\"  style='-webkit-transition-delay:0s;transition-delay:0s;' id=\"rpwJAS58SFODTJPX7JEW45TRDH55HAQNWIR\" class=\" w_full w_layout_element   rad-widget\">\n\t\n<div class='ioa-text-column none  col-align-left  clearfix'> \n      \n      <div class='ioa-text-area'>\n        <h3 class='text-title'> Pancreatitis del surco<\/h3>\n        \n        \n        <div class='ioa-text clearfix'>\n<p><strong><a href=\"https:\/\/drive.google.com\/file\/d\/1pYK_iMWZVRCfi8HdIgGorZo3hyy9biAI\/view?usp=drive_link\">Espa\u00f1ol<\/a> | <a href=\"https:\/\/drive.google.com\/file\/d\/1taeo2BR3sb44EgoAuGCoTxGvbOvDF9Wk\/view?usp=drive_link\">Ingl\u00e9s<\/a><\/strong><\/p>\n<\/div>\n        \n      <\/div> \n     <\/div>\n<\/div> \n\n\n<div  data-key=\"rad_text_widget\"  style='-webkit-transition-delay:0s;transition-delay:0s;' id=\"rpwA979R90R7H3RO1G7J8R8X4GHGMK3WRVL\" class=\" w_full w_layout_element   rad-widget\">\n\t\n<div class='ioa-text-column none  col-align-left  clearfix'> \n      \n      <div class='ioa-text-area'>\n        <h3 class='text-title'>La evaluaci\u00f3n cl\u00ednica objetiva estructurada (ECOE): aspectos principales y papel de la radiolog\u00eda<\/h3>\n        \n        \n        <div class='ioa-text clearfix'>\n<p><strong><a href=\"https:\/\/drive.google.com\/file\/d\/1ts6Q12gs62ebu2HlXiZjx6H3MhmMLhiq\/view?usp=drive_link\">Espa\u00f1ol<\/a> | <a href=\"https:\/\/drive.google.com\/file\/d\/1leZ2NETDc8oM4kyQPpmk4uUmZqXxhRxA\/view?usp=drive_link\">Ingl\u00e9s<\/a><\/strong><\/p>\n<\/div>\n        \n      <\/div> \n     <\/div>\n<\/div> \n\n\n<div  data-key=\"rad_text_widget\"  style='-webkit-transition-delay:0s;transition-delay:0s;' id=\"rpwHVSP1IKJUE0FV3OBHNCPVY3YWQR036B3\" class=\" w_full w_layout_element   rad-widget\">\n\t\n<div class='ioa-text-column none  col-align-left  clearfix'> \n      \n      <div class='ioa-text-area'>\n        <h3 class='text-title'> Energ\u00eda Dual en TC. Consideraciones t\u00e9cnicas y aplicaciones cl\u00ednicas<\/h3>\n        \n        \n        <div class='ioa-text clearfix'>\n<p><strong><a href=\"https:\/\/drive.google.com\/file\/d\/1XSI6Gd4B7cP9S5T9iV2HNxufHzmnM1Pi\/view?usp=drive_link\">Espa\u00f1ol<\/a> | <a href=\"https:\/\/drive.google.com\/file\/d\/1SRrCdCVAPjZ4xoxQZEulfZp8uXKgEN1T\/view?usp=drive_link\">Ingl\u00e9s<\/a><\/strong><\/p>\n<\/div>\n        \n      <\/div> \n     <\/div>\n<\/div> \n\n\n<div  data-key=\"rad_text_widget\"  style='-webkit-transition-delay:0s;transition-delay:0s;' id=\"rpwA7CN7GU55T7AQ12JSBQLCDW0U9AECMWH\" class=\" w_full w_layout_element   rad-widget\">\n\t\n<div class='ioa-text-column none  col-align-left  clearfix'> \n      \n      <div class='ioa-text-area'>\n        <h3 class='text-title'>  La clasificaci\u00f3n O-RADS RM para caracterizaci\u00f3n de las masas ov\u00e1ricas indeterminadas. De la teor\u00eda a la pr\u00e1ctica<\/h3>\n        \n        \n        <div class='ioa-text clearfix'>\n<p><strong><a href=\"https:\/\/drive.google.com\/file\/d\/1HZnDtXzAp8j7cNk_sjhhmAezGZn16MG5\/view?usp=drive_link\">Espa\u00f1ol<\/a> | <a href=\"https:\/\/drive.google.com\/file\/d\/1yJ9XWDoIFnyZWVg14FTxAz8H9EhZw2Xj\/view?usp=sharing\">Ingl\u00e9s<\/a><\/strong><\/p>\n<\/div>\n        \n      <\/div> \n     <\/div>\n<\/div> \n\n\n<div  data-key=\"rad_text_widget\"  style='-webkit-transition-delay:0s;transition-delay:0s;' id=\"rpwPNHP7CHIE8ACCCNM8OQ2HAN12J55NWUS\" class=\" w_full w_layout_element   rad-widget\">\n\t\n<div class='ioa-text-column none  col-align-left  clearfix'> \n      \n      <div class='ioa-text-area'>\n        <h3 class='text-title'> TC - Cuello doble energ\u00eda<\/h3>\n        \n        \n        <div class='ioa-text clearfix'>\n<p><strong><a href=\"https:\/\/drive.google.com\/file\/d\/1Xnr_EgjKMJaor0TSkzonl6EftsPVED0H\/view?usp=drive_link\">Espa\u00f1ol\u00a0<\/a><\/strong><strong>| <a href=\"https:\/\/drive.google.com\/file\/d\/16nECVaDF-bnSl1nBm78zaE1x_qSeIpqD\/view?usp=drive_link\">Ingl\u00e9s<\/a><\/strong><\/p>\n<\/div>\n        \n      <\/div> \n     <\/div>\n<\/div> \n\n\n<div  data-key=\"rad_text_widget\"  style='-webkit-transition-delay:0s;transition-delay:0s;' id=\"rpwC5RC4FHETASDFTJAFLDCDBGAV77F1TED\" class=\" w_full w_layout_element   rad-widget\">\n\t\n<div class='ioa-text-column none  col-align-left  clearfix'> \n      \n      <div class='ioa-text-area'>\n        <h3 class='text-title'> Ablaci\u00f3n por radiofrecuencia en la enfermedad<\/h3>\n        \n        \n        <div class='ioa-text clearfix'>\n<p><strong><a href=\"https:\/\/drive.google.com\/file\/d\/1MxfUr0dwCZrjniUNv32FSYSQ7E-jjeRw\/view?usp=drive_link\">Espa\u00f1ol\u00a0<\/a><\/strong><strong>| <a href=\"https:\/\/drive.google.com\/file\/d\/1YS5vPYbuVGz-PZC5E_0rUZkk7yeyv5BB\/view?usp=drive_link\">Ingl\u00e9s<\/a><\/strong><\/p>\n<\/div>\n        \n      <\/div> \n     <\/div>\n<\/div> \n\n\n<div  data-key=\"rad_text_widget\"  style='-webkit-transition-delay:0s;transition-delay:0s;' id=\"rpwT97MF07VY2VCMNV5I2933DWCS30PH4RI\" class=\" w_full w_layout_element   rad-widget\">\n\t\n<div class='ioa-text-column none  col-align-left  clearfix'> \n      \n      <div class='ioa-text-area'>\n        <h3 class='text-title'> Manejo percut\u00e1neo de met\u00e1stasis \u00f3seas<\/h3>\n        \n        \n        <div class='ioa-text clearfix'>\n<p><strong><a href=\"https:\/\/drive.google.com\/file\/d\/1WF3CEYGMOH66Zjsggs2UIpbULU5Ln4rr\/view?usp=drive_link\">Espa\u00f1ol<\/a><\/strong><\/p>\n<\/div>\n        \n      <\/div> \n     <\/div>\n<\/div> \n\n\n<div  data-key=\"rad_text_widget\"  style='-webkit-transition-delay:0s;transition-delay:0s;' id=\"rpwJT6DIEDFKXOB16FUM5HQQSSW1YBKMRKB\" class=\" w_full w_layout_element   rad-widget\">\n\t\n<div class='ioa-text-column none  col-align-left  clearfix'> \n      \n      <div class='ioa-text-area'>\n        <h3 class='text-title'>Sistemas de inteligencia artificial cribado de mama<\/h3>\n        \n        \n        <div class='ioa-text clearfix'>\n<p><strong><a href=\"https:\/\/drive.google.com\/file\/d\/1PbyhXenSTaN8OUpSRI2tUK4gpWdMyAr1\/view?usp=drive_link\">Espa\u00f1ol<\/a><\/strong><\/p>\n<\/div>\n        \n      <\/div> \n     <\/div>\n<\/div> \n\n\n<div  data-key=\"rad_text_widget\"  style='-webkit-transition-delay:0s;transition-delay:0s;' id=\"rpwPPMF9DF1XM72B6RDJ49XJBW2VP4UAQY2\" class=\" w_full w_layout_element   rad-widget\">\n\t\n<div class='ioa-text-column none  col-align-left  clearfix'> \n      \n      <div class='ioa-text-area'>\n        <h3 class='text-title'> Pancreatitis del surco<\/h3>\n        \n        \n        <div class='ioa-text clearfix'>\n<p><strong><a href=\"https:\/\/drive.google.com\/file\/d\/1pYK_iMWZVRCfi8HdIgGorZo3hyy9biAI\/view?usp=drive_link\">Espa\u00f1ol<\/a> | <a href=\"https:\/\/drive.google.com\/file\/d\/1taeo2BR3sb44EgoAuGCoTxGvbOvDF9Wk\/view?usp=drive_link\">Ingl\u00e9s<\/a><\/strong><\/p>\n<\/div>\n        \n      <\/div> \n     <\/div>\n<\/div> \n\n\n<div  data-key=\"rad_text_widget\"  style='-webkit-transition-delay:0s;transition-delay:0s;' id=\"rpwLSAMDIY8G4U6IC4LY8H5OQ84BYQFU33M\" class=\" w_full w_layout_element   rad-widget\">\n\t\n<div class='ioa-text-column none  col-align-left  clearfix'> \n      \n      <div class='ioa-text-area'>\n        <h3 class='text-title'>La evaluaci\u00f3n cl\u00ednica objetiva estructurada (ECOE): aspectos principales y papel de la radiolog\u00eda<\/h3>\n        \n        \n        <div class='ioa-text clearfix'>\n<p><strong><a href=\"https:\/\/drive.google.com\/file\/d\/1ts6Q12gs62ebu2HlXiZjx6H3MhmMLhiq\/view?usp=drive_link\">Espa\u00f1ol<\/a> | <a href=\"https:\/\/drive.google.com\/file\/d\/1leZ2NETDc8oM4kyQPpmk4uUmZqXxhRxA\/view?usp=drive_link\">Ingl\u00e9s<\/a><\/strong><\/p>\n<\/div>\n        \n      <\/div> \n     <\/div>\n<\/div>\t\t\n\t<\/div>\n\n\t\n<\/div>\n\n\t\t\t\n\t\n\t<\/div>\n\n\t\t\n\n\t\t<\/div>\n<\/div>\t\n\n<\/p>\n","protected":false},"excerpt":{"rendered":"","protected":false},"author":1,"featured_media":0,"parent":0,"menu_order":0,"comment_status":"closed","ping_status":"closed","template":"","meta":[],"_links":{"self":[{"href":"https:\/\/faardit.org.ar\/web\/wp-json\/wp\/v2\/pages\/6646"}],"collection":[{"href":"https:\/\/faardit.org.ar\/web\/wp-json\/wp\/v2\/pages"}],"about":[{"href":"https:\/\/faardit.org.ar\/web\/wp-json\/wp\/v2\/types\/page"}],"author":[{"embeddable":true,"href":"https:\/\/faardit.org.ar\/web\/wp-json\/wp\/v2\/users\/1"}],"replies":[{"embeddable":true,"href":"https:\/\/faardit.org.ar\/web\/wp-json\/wp\/v2\/comments?post=6646"}],"version-history":[{"count":21,"href":"https:\/\/faardit.org.ar\/web\/wp-json\/wp\/v2\/pages\/6646\/revisions"}],"predecessor-version":[{"id":7614,"href":"https:\/\/faardit.org.ar\/web\/wp-json\/wp\/v2\/pages\/6646\/revisions\/7614"}],"wp:attachment":[{"href":"https:\/\/faardit.org.ar\/web\/wp-json\/wp\/v2\/media?parent=6646"}],"curies":[{"name":"wp","href":"https:\/\/api.w.org\/{rel}","templated":true}]}}