{"id":7345,"date":"2024-09-18T12:59:14","date_gmt":"2024-09-18T12:59:14","guid":{"rendered":"https:\/\/faardit.org.ar\/web\/?page_id=7345"},"modified":"2024-10-01T14:40:11","modified_gmt":"2024-10-01T14:40:11","slug":"club-bibliografico","status":"publish","type":"page","link":"https:\/\/faardit.org.ar\/web\/club-bibliografico\/","title":{"rendered":"Club Bibliogr\u00e1fico"},"content":{"rendered":"<p><div class=\"page-section  clearfix first-section\" style=\"z-index:1\" id='rpsPW4WR73PB9WCT22E1Y880RM4TNBDTHUQ' data-exheight='0' >\n\t\n\t<div class=\"section-inner-wrap\">\n\n\t\t\n\n\n\t\t\t\n\n\t<div class=\"skeleton section-content auto_align clearfix\" data-width=\"Contained\">\n\t\t\n\t\t\t\t\t\n<div class=\"rad-container  layout_element  one_half first  top   clearfix\" id=\"rpcYMGB08HKAJ095SLEVIDNCLL1G7GWGHC2\" data-layout=\"one_half\">\n\t\n\t \t\n\n\t<div class=\"rad-inner-container clearfix\">\n\t \n\n\n<div  data-key=\"rad_text_widget\"  style='-webkit-transition-delay:0s;transition-delay:0s;' id=\"rpwI5Q1324QXNMN91OJ3LG7NC0KSUEN7IS8\" class=\" w_full w_layout_element  top   rad-widget\">\n\t\n<div class='ioa-text-column none  col-align-left  clearfix'> \n      \n      <div class='ioa-text-area'>\n        <h3 class='text-title'>\u00bfDe qu\u00e9 se trata?<\/h3>\n        \n        \n        \n        \n      <\/div> \n     <\/div>\n<\/div>\t\t\n\t<\/div>\n\n\t\n<\/div>\n\n\t\t\n<div class=\"rad-container  layout_element  one_half last top   clearfix\" id=\"rpcPH19P8DY5J7UCLKHRLOGY8CE2055SY15\" data-layout=\"one_half\">\n\t\n\t \t\n\n\t<div class=\"rad-inner-container clearfix\">\n\t \n\n\n<div  data-key=\"rad_text_widget\"  style='-webkit-transition-delay:0s;transition-delay:0s;' id=\"rpwS0MDDFRIYJVBVVRRPNJ486EJG7FVD4WX\" class=\" w_full w_layout_element  top   rad-widget\">\n\t\n<div class='ioa-text-column none  col-align-center  clearfix'> \n      \n      <div class='ioa-text-area'>\n        <h3 class='text-title'>Auspicia<\/h3>\n        \n        \n        \n        \n      <\/div> \n     <\/div>\n<\/div>\t\t\n\t<\/div>\n\n\t\n<\/div>\n\n\t\t\n<div class=\"rad-container  layout_element  one_half first   clearfix\" id=\"rpcT4HDEEY7IEOLHEDHK8A6WWWX5S0VIP8I\" data-layout=\"one_half\">\n\t<span class=\"vline\" style='-webkit-transition-delay:350ms;transition-delay:350ms;'><\/span>\n\t \t\n\n\t<div class=\"rad-inner-container clearfix\">\n\t \n\n\n<div  data-key=\"rad_text_widget\"  style='-webkit-transition-delay:0s;transition-delay:0s;' id=\"rpwVKG34A69SJ19TUGXJL7QBR2200DJI4CK\" class=\" w_full w_layout_element  top   rad-widget\">\n\t\n<div class='ioa-text-column none  col-align-left  clearfix'> \n      \n      <div class='ioa-text-area'>\n        \n        \n        \n        <div class='ioa-text clearfix'>\n<p><span style=\"color: #000000;\">Realizamos encuentros online con prestigiosas revistas cient\u00edficas del campo de la radiolog\u00eda y el diagn\u00f3stico por im\u00e1genes. El objetivo es reunir a diferentes expertos y generar espacios de discusi\u00f3n sobre los casos cl\u00ednicos que se publican.<\/span><\/p>\n<\/div>\n        \n      <\/div> \n     <\/div>\n<\/div>\t\t\n\t<\/div>\n\n\t\n<\/div>\n\n\t\t\n<div class=\"rad-container  layout_element  one_half last  clearfix\" id=\"rpcE2LD4VHTJT11Y2XNXACR4LGKHBR5W3LL\" data-layout=\"one_half\">\n\t<span class=\"vline\" style='-webkit-transition-delay:700ms;transition-delay:700ms;'><\/span>\n\t \t\n\n\t<div class=\"rad-inner-container clearfix\">\n\t \n\n\n<div  data-key=\"rad_text_widget\"  style='-webkit-transition-delay:0s;transition-delay:0s;' id=\"rpwBCAAJDANOB8GHVBEG2N7JYCWGJUASAEX\" class=\" w_full w_layout_element  top   rad-widget\">\n\t\n<div class='ioa-text-column none  col-align-center  clearfix'> \n      \n      <div class='ioa-text-area'>\n        \n        \n        \n        <div class='ioa-text clearfix'><a href=\"https:\/\/faardit.org.ar\/web\/wp-content\/uploads\/2020\/06\/Logo-Bayer.jpg\"><img loading=\"lazy\" src=\"https:\/\/faardit.org.ar\/web\/wp-content\/uploads\/2020\/06\/Logo-Bayer.jpg\" alt=\"\" width=\"202\" height=\"100\" class=\"aligncenter size-full wp-image-3993\" \/><\/a><\/div>\n        \n      <\/div> \n     <\/div>\n<\/div>\t\t\n\t<\/div>\n\n\t\n<\/div>\n\n\t\t\t\n\t\n\t<\/div>\n\n\t\t\n\n\t\t<\/div>\n<\/div>\t\n\n<div class=\"page-section  clearfix  senseSecBGModel \" style=\"z-index:2\" id='rpsS92T142739GXE00EM7BPQKPAUDGMCOHM' data-exheight='0' >\n\t\n\t<div class=\"section-inner-wrap\">\n\n\t\t\n\n\n\t\t\t\n\n\t<div class=\"skeleton section-content auto_align clearfix\" data-width=\"Contained\">\n\t\t\n\t\t\t\t\t\n<div class=\"rad-container  layout_element  full last first  top   clearfix\" id=\"rpcWXQ693MNUQ36JWVEKT8O4Y90NDP6H32B\" data-layout=\"full\">\n\t\n\t \t\n\n\t<div class=\"rad-inner-container clearfix\">\n\t \n\n\n<div  data-key=\"rad_text_widget\"  style='-webkit-transition-delay:0s;transition-delay:0s;' id=\"rpwH9N2POJB9EXQU1OM2DGN137R019JDOEH\" class=\" w_full w_layout_element  top   rad-widget\">\n\t\n<div class='ioa-text-column none  col-align-center  clearfix'> \n      \n      <div class='ioa-text-area'>\n        <h3 class='text-title'>Revistas cient\u00edficas<\/h3>\n        \n        \n        \n        \n      <\/div> \n     <\/div>\n<\/div>\t\t\n\t<\/div>\n\n\t\n<\/div>\n\n\t\t\n<div class=\"rad-container  layout_element  one_third first   clearfix\" id=\"rpcJL6RK8UTUPUTTMTGXKS00HLUOGIOX4AJ\" data-layout=\"one_third\">\n\t<span class=\"vline\" style='-webkit-transition-delay:350ms;transition-delay:350ms;'><\/span>\n\t \t\n\n\t<div class=\"rad-inner-container clearfix\">\n\t\t\t\n\t<\/div>\n\n\t\n<\/div>\n\n\t\t\n<div class=\"rad-container  layout_element  one_third  clearfix\" id=\"rpcQFSDALL3E6LJ0796OUYDHKPJHD8MART5\" data-layout=\"one_third\">\n\t<span class=\"vline\" style='-webkit-transition-delay:350ms;transition-delay:350ms;'><\/span>\n\t \t\n\n\t<div class=\"rad-inner-container clearfix\">\n\t\n<div  data-key=\"rad_image_widget\"  id=\"rpwLGOUG6Y3HD1KV331PH13LAXLLQPKCVCO\" class=\" w_full w_layout_element  top   rad-widget\">\n\t<div class=\"image-inner-wrap image-stretched \">\n\t\t\t\t\n\t\t<div  class=' hover-item  image-align-none' itemscope itemprop='http:\/\/schema.org\/ImageObject'> <img src='https:\/\/faardit.org.ar\/web\/wp-content\/uploads\/2024\/09\/Recurso-3.png' itemprop='url' alt='' title='Recurso 3' \/>  <\/div>\t\t\t\t\t<\/div>\n<\/div>\n\t\t\n\t<\/div>\n\n\t\n<\/div>\n\n\t\t\n<div class=\"rad-container  layout_element  one_third last  clearfix\" id=\"rpcY2NJSMH8AP2I6LLA96W43W5YK1P0EALM\" data-layout=\"one_third\">\n\t<span class=\"vline\" style='-webkit-transition-delay:700ms;transition-delay:700ms;'><\/span>\n\t \t\n\n\t<div class=\"rad-inner-container clearfix\">\n\t\t\t\n\t<\/div>\n\n\t\n<\/div>\n\n\t\t\t\n\t\n\t<\/div>\n\n\t\t\n\n\t\t<\/div>\n<\/div>\t\n\n<div class=\"page-section  clearfix \" style=\"z-index:3\" id='rpsY15KA1A8HD1ITUN8USDB5FM4KPMOAP2V' data-exheight='0' >\n\t\n\t<div class=\"section-inner-wrap\">\n\n\t\t\n\n\n\t\t\t\n\n\t<div class=\"skeleton section-content auto_align clearfix\" data-width=\"Contained\">\n\t\t\n\t\t\t\t\t\n<div class=\"rad-container  layout_element  full last first  top   clearfix\" id=\"rpcWB7M2Q4UD9JLWQ06TRDYHMVK0S7AEDEN\" data-layout=\"full\">\n\t\n\t \t\n\n\t<div class=\"rad-inner-container clearfix\">\n\t \n\n\n<div  data-key=\"rad_text_widget\"  style='-webkit-transition-delay:0s;transition-delay:0s;' id=\"rpwQ567UEUH1HSJ8OSF26RCM56C9GNKMUPX\" class=\" w_full w_layout_element  top   rad-widget\">\n\t\n<div class='ioa-text-column none  col-align-center  clearfix'> \n      \n      <div class='ioa-text-area'>\n        <h3 class='text-title'>Coordinadores<\/h3>\n        \n        \n        \n        \n      <\/div> \n     <\/div>\n<\/div>\t\t\n\t<\/div>\n\n\t\n<\/div>\n\n\t\t\n<div class=\"rad-container  layout_element  one_half first   clearfix\" id=\"rpcBSEHGPPY9H3UB3MSJ0YE9DDQ2X8NJFX7\" data-layout=\"one_half\">\n\t<span class=\"vline\" style='-webkit-transition-delay:350ms;transition-delay:350ms;'><\/span>\n\t \t\n\n\t<div class=\"rad-inner-container clearfix\">\n\t \n\n\n<div  data-key=\"rad_text_widget\"  style='-webkit-transition-delay:0s;transition-delay:0s;' id=\"rpwE2S57RRIY05JBBWO4U48T8PBOAXM0X28\" class=\" w_full w_layout_element  top   rad-widget\">\n\t\n<div class='ioa-text-column none  col-align-left  clearfix'> \n      \n      <div class='ioa-text-area'>\n        \n        \n        \n        <div class='ioa-text clearfix'>\n<p><span style=\"color: #000000;\"><img loading=\"lazy\" class=\"wp-image-7352 alignleft\" src=\"https:\/\/faardit.org.ar\/web\/wp-content\/uploads\/2024\/09\/Maximiliano-Klug-1.png\" alt=\"\" width=\"192\" height=\"207\" srcset=\"https:\/\/faardit.org.ar\/web\/wp-content\/uploads\/2024\/09\/Maximiliano-Klug-1.png 992w, https:\/\/faardit.org.ar\/web\/wp-content\/uploads\/2024\/09\/Maximiliano-Klug-1-279x300.png 279w, https:\/\/faardit.org.ar\/web\/wp-content\/uploads\/2024\/09\/Maximiliano-Klug-1-953x1024.png 953w, https:\/\/faardit.org.ar\/web\/wp-content\/uploads\/2024\/09\/Maximiliano-Klug-1-768x825.png 768w\" sizes=\"(max-width: 192px) 100vw, 192px\" \/><strong>Dr. Maximiliano Klug<br \/>\u2022 <\/strong>M\u00e9dico egresado de la Universidad Nacional del Litoral &#8211; Santa Fe (Argentina).<strong><br \/>\u2022 <\/strong>Radi\u00f3logo en Sheba Medical Center (Israel).<strong><br \/>\u2022 <\/strong>Instructor cl\u00ednico en diagn\u00f3stico por im\u00e1genes de la Universidad de Tel Aviv.<strong><br \/>\u2022 <\/strong>Editor asociado del \u00abTrainee Editorial Board\u00bb de RadioGraphics.<strong><br \/>\u2022 <\/strong>Editor asociado de Radiology: Imaging Cancer.<strong><\/p>\n<p><\/strong><\/span><\/p>\n<\/div>\n        \n      <\/div> \n     <\/div>\n<\/div>\t\t\n\t<\/div>\n\n\t\n<\/div>\n\n\t\t\n<div class=\"rad-container  layout_element  one_half last  clearfix\" id=\"rpcROPHAARVFT8E0CVKG6COG62LHG6GEFJ8\" data-layout=\"one_half\">\n\t<span class=\"vline\" style='-webkit-transition-delay:700ms;transition-delay:700ms;'><\/span>\n\t \t\n\n\t<div class=\"rad-inner-container clearfix\">\n\t \n\n\n<div  data-key=\"rad_text_widget\"  style='-webkit-transition-delay:0s;transition-delay:0s;' id=\"rpwWBG0W2X32GDK4FAXF40Y2N2G3JYMNC5M\" class=\" w_full w_layout_element  top   rad-widget\">\n\t\n<div class='ioa-text-column none  col-align-left  clearfix'> \n      \n      <div class='ioa-text-area'>\n        \n        \n        \n        <div class='ioa-text clearfix'>\n<p><span style=\"color: #000000;\"><img loading=\"lazy\" class=\"alignleft  wp-image-7410\" src=\"https:\/\/faardit.org.ar\/web\/wp-content\/uploads\/2024\/10\/antonio-luna-alcala-radiologia.png\" alt=\"\" width=\"194\" height=\"185\" srcset=\"https:\/\/faardit.org.ar\/web\/wp-content\/uploads\/2024\/10\/antonio-luna-alcala-radiologia.png 685w, https:\/\/faardit.org.ar\/web\/wp-content\/uploads\/2024\/10\/antonio-luna-alcala-radiologia-300x286.png 300w\" sizes=\"(max-width: 194px) 100vw, 194px\" \/><strong>Dr. Antonio Luna Alcal\u00e1<br \/>\u2022<\/strong>\u00a0Licenciado en Medicina por la Universidad de Granada. <br \/><strong>\u2022<\/strong> Posteriormente estudi\u00f3 la especialidad de radiolog\u00eda en el Hospital Gregorio Mara\u00f1on de <strong>\u2022<\/strong> Director m\u00e9dico de HT M\u00e9dica.<br \/><strong>\u2022<\/strong> Educador del a\u00f1o de la Radiological Society of North America en 2018, 2019 y 2020.<strong><\/p>\n<p><\/strong><\/span><\/p>\n<\/div>\n        \n      <\/div> \n     <\/div>\n<\/div>\t\t\n\t<\/div>\n\n\t\n<\/div>\n\n\t\t\t\n\t\n\t<\/div>\n\n\t\t\n\n\t\t<\/div>\n<\/div>\t\n\n<div class=\"page-section  clearfix \" style=\"z-index:4\" id='rpsT7TS5RPD8XL3GV4CGRHXM97Y8UCBQWAH' data-exheight='0' >\n\t\n\t<div class=\"section-inner-wrap\">\n\n\t\t\n\n\n\t\t\t\n\n\t<div class=\"skeleton section-content auto_align clearfix\" data-width=\"Contained\">\n\t\t\n\t\t\t\t\t\n<div class=\"rad-container  layout_element  full last first  top   clearfix\" id=\"rpcQ5D2GX44JILX1JI2L5K7LJ7UOW6QS3WG\" data-layout=\"full\">\n\t\n\t \t\n\n\t<div class=\"rad-inner-container clearfix\">\n\t \n\n\n<div  data-key=\"rad_text_widget\"  style='-webkit-transition-delay:0s;transition-delay:0s;' id=\"rpwXC49YL6IN6KO5946W6973PWKV8MF1REQ\" class=\" w_full w_layout_element  top   rad-widget\">\n\t\n<div class='ioa-text-column none  col-align-center  clearfix'> \n      \n      <div class='ioa-text-area'>\n        <h3 class='text-title'>Encuentros virtuales 2024<\/h3>\n        \n        \n        \n        \n      <\/div> \n     <\/div>\n<\/div>\t\t\n\t<\/div>\n\n\t\n<\/div>\n\n\t\t\t\n\t\n\t<\/div>\n\n\t\t\n\n\t\t<\/div>\n<\/div>\t\n\n<div class=\"page-section  clearfix last-section\" style=\"z-index:5\" id='rpsWW4BXY8VA8SJTXHJBGXFCSDOGSSSN51E' data-exheight='0' >\n\t\n\t<div class=\"section-inner-wrap\">\n\n\t\t\n\n\n\t\t\t\n\n\t<div class=\"skeleton section-content auto_align clearfix\" data-width=\"Contained\">\n\t\t\n\t\t\t\t\t\n<div class=\"rad-container  layout_element  one_half first  top   clearfix\" id=\"rpcO87UXJOJIVRPB8ALI1EQPCDJUDVFTK9K\" data-layout=\"one_half\">\n\t\n\t \t\n\n\t<div class=\"rad-inner-container clearfix\">\n\t \n\n\n<div  data-key=\"rad_text_widget\"  style='-webkit-transition-delay:0s;transition-delay:0s;' id=\"rpwYIDV32PSSGFEGUWLOJQ87MIFQBD6URSU\" class=\" w_full w_layout_element  top   rad-widget\">\n\t\n<div class='ioa-text-column none  col-align-center  clearfix'> \n      \n      <div class='ioa-text-area'>\n        <h3 class='text-title'>Optimizando la Adquisici\u00f3n de Im\u00e1genes por Tensor de Difusi\u00f3n para la Evaluaci\u00f3n de la M\u00e9dula Espinal: Bases F\u00edsicas y Ajustes T\u00e9cnicos | 02-09-24<\/h3>\n        \n        \n        \n        \n      <\/div> \n     <\/div>\n<\/div> \n\n\n<div  data-key=\"rad_text_widget\"  style='-webkit-transition-delay:0s;transition-delay:0s;' id=\"rpwIRS2INO0J9REE4N556LNOMJJOPYTHDQ2\" class=\" w_full w_layout_element   rad-widget\">\n\t\n<div class='ioa-text-column none  col-align-left  clearfix'> \n      \n      <div class='ioa-text-area'>\n        \n        \n        \n        <div class='ioa-text clearfix'><iframe width=\"560\" height=\"315\" src=\"https:\/\/www.youtube.com\/embed\/VjXQ_u1u9S0?si=TcxvD1WAcGv-xFkm\" title=\"YouTube video player\" frameborder=\"0\" allow=\"accelerometer; autoplay; clipboard-write; encrypted-media; gyroscope; picture-in-picture; web-share\" referrerpolicy=\"strict-origin-when-cross-origin\" allowfullscreen><\/iframe><\/div>\n        \n      <\/div> \n     <\/div>\n<\/div>\t\t\n\t<\/div>\n\n\t\n<\/div>\n\n\t\t\n<div class=\"rad-container  layout_element  one_half last top   clearfix\" id=\"rpcVJSDI4T5T5IF19JHVIXIA93OI6GW4N04\" data-layout=\"one_half\">\n\t\n\t \t\n\n\t<div class=\"rad-inner-container clearfix\">\n\t \n\n\n<div  data-key=\"rad_text_widget\"  style='-webkit-transition-delay:0s;transition-delay:0s;' id=\"rpwLRG80PFR22LK64A9I7H7PFE4AJ4XESH8\" class=\" w_full w_layout_element  top   rad-widget\">\n\t\n<div class='ioa-text-column none  col-align-center  clearfix'> \n      \n      <div class='ioa-text-area'>\n        <h3 class='text-title'>Aortitis and Large Vessel Vasculitis | 22-07-24<\/h3>\n        \n        \n        \n        \n      <\/div> \n     <\/div>\n<\/div> \n\n\n<div  data-key=\"rad_html_widget\"  id=\"rpwBEJM8OLH4M5OSY0NWOLIVS35HJRY01WX\" class=\"col-align-left  w_full w_layout_element   rad-widget\">\n\t\n\t<div class='ioa-text-column clearfix'>\n\t      <div class='ioa-text-area'>\n\t        \n\t        \n\t        <div class='ioa-text clearfix'><iframe style=\"margin-top:3.6rem;\" width=\"560\" height=\"315\" src=\"https:\/\/www.youtube.com\/embed\/G3m6o4GwbH8?si=MnHeC_uAj_Zzo5Mg\" title=\"YouTube video player\" frameborder=\"0\" allow=\"accelerometer; autoplay; clipboard-write; encrypted-media; gyroscope; picture-in-picture; web-share\" referrerpolicy=\"strict-origin-when-cross-origin\" allowfullscreen><\/iframe><\/div>\n\t      <\/div>\n\t     <\/div>\n<\/div>\n\t\t\n\t<\/div>\n\n\t\n<\/div>\n\n\t\t\t\n\t\n\t<\/div>\n\n\t\t\n\n\t\t<\/div>\n<\/div>\t\n\n<\/p>\n","protected":false},"excerpt":{"rendered":"","protected":false},"author":1,"featured_media":0,"parent":0,"menu_order":0,"comment_status":"closed","ping_status":"closed","template":"","meta":[],"_links":{"self":[{"href":"https:\/\/faardit.org.ar\/web\/wp-json\/wp\/v2\/pages\/7345"}],"collection":[{"href":"https:\/\/faardit.org.ar\/web\/wp-json\/wp\/v2\/pages"}],"about":[{"href":"https:\/\/faardit.org.ar\/web\/wp-json\/wp\/v2\/types\/page"}],"author":[{"embeddable":true,"href":"https:\/\/faardit.org.ar\/web\/wp-json\/wp\/v2\/users\/1"}],"replies":[{"embeddable":true,"href":"https:\/\/faardit.org.ar\/web\/wp-json\/wp\/v2\/comments?post=7345"}],"version-history":[{"count":39,"href":"https:\/\/faardit.org.ar\/web\/wp-json\/wp\/v2\/pages\/7345\/revisions"}],"predecessor-version":[{"id":7417,"href":"https:\/\/faardit.org.ar\/web\/wp-json\/wp\/v2\/pages\/7345\/revisions\/7417"}],"wp:attachment":[{"href":"https:\/\/faardit.org.ar\/web\/wp-json\/wp\/v2\/media?parent=7345"}],"curies":[{"name":"wp","href":"https:\/\/api.w.org\/{rel}","templated":true}]}}